{"id":7227,"date":"2025-01-05T21:25:30","date_gmt":"2025-01-05T20:25:30","guid":{"rendered":"https:\/\/suisse-fibromyalgie.ch\/?page_id=7227"},"modified":"2025-01-05T21:28:26","modified_gmt":"2025-01-05T20:28:26","slug":"qui-est-concerne","status":"publish","type":"page","link":"https:\/\/suisse-fibromyalgie.ch\/it\/qui-est-concerne\/","title":{"rendered":"Chi \u00e8 interessato?"},"content":{"rendered":"<div data-elementor-type=\"wp-page\" data-elementor-id=\"7227\" class=\"elementor elementor-7227\" data-elementor-post-type=\"page\">\n\t\t\t\t\t\t<section class=\"elementor-section elementor-top-section elementor-element elementor-element-b75593e elementor-section-boxed elementor-section-height-default elementor-section-height-default\" data-id=\"b75593e\" data-element_type=\"section\" data-e-type=\"section\">\n\t\t\t\t\t\t<div class=\"elementor-container elementor-column-gap-default\">\n\t\t\t\t\t<div class=\"elementor-column elementor-col-33 elementor-top-column elementor-element elementor-element-ce82cff\" data-id=\"ce82cff\" data-element_type=\"column\" data-e-type=\"column\">\n\t\t\t<div class=\"elementor-widget-wrap elementor-element-populated\">\n\t\t\t\t\t\t<div class=\"elementor-element elementor-element-264706f elementor-widget elementor-widget-image\" data-id=\"264706f\" data-element_type=\"widget\" data-e-type=\"widget\" data-widget_type=\"image.default\">\n\t\t\t\t<div class=\"elementor-widget-container\">\n\t\t\t\t\t\t\t\t\t\t\t\t\t\t\t<img fetchpriority=\"high\" decoding=\"async\" width=\"683\" height=\"1024\" src=\"https:\/\/suisse-fibromyalgie.ch\/wp-content\/uploads\/pexels-rossxsavchyn-12073999-683x1024.jpg\" class=\"attachment-large size-large wp-image-7232\" alt=\"\" srcset=\"https:\/\/suisse-fibromyalgie.ch\/wp-content\/uploads\/pexels-rossxsavchyn-12073999-683x1024.jpg 683w, https:\/\/suisse-fibromyalgie.ch\/wp-content\/uploads\/pexels-rossxsavchyn-12073999-200x300.jpg 200w, https:\/\/suisse-fibromyalgie.ch\/wp-content\/uploads\/pexels-rossxsavchyn-12073999-768x1152.jpg 768w, https:\/\/suisse-fibromyalgie.ch\/wp-content\/uploads\/pexels-rossxsavchyn-12073999-1024x1536.jpg 1024w, https:\/\/suisse-fibromyalgie.ch\/wp-content\/uploads\/pexels-rossxsavchyn-12073999-1365x2048.jpg 1365w, https:\/\/suisse-fibromyalgie.ch\/wp-content\/uploads\/pexels-rossxsavchyn-12073999-8x12.jpg 8w, https:\/\/suisse-fibromyalgie.ch\/wp-content\/uploads\/pexels-rossxsavchyn-12073999-scaled.jpg 1707w\" sizes=\"(max-width: 683px) 100vw, 683px\" \/>\t\t\t\t\t\t\t\t\t\t\t\t\t\t\t<\/div>\n\t\t\t\t<\/div>\n\t\t\t\t\t<\/div>\n\t\t<\/div>\n\t\t\t\t<div class=\"elementor-column elementor-col-66 elementor-top-column elementor-element elementor-element-fbbbbed\" data-id=\"fbbbbed\" data-element_type=\"column\" data-e-type=\"column\">\n\t\t\t<div class=\"elementor-widget-wrap elementor-element-populated\">\n\t\t\t\t\t\t<div class=\"elementor-element elementor-element-4ed5c0f elementor-widget elementor-widget-text-editor\" data-id=\"4ed5c0f\" data-element_type=\"widget\" data-e-type=\"widget\" data-widget_type=\"text-editor.default\">\n\t\t\t\t<div class=\"elementor-widget-container\">\n\t\t\t\t\t\t\t\t\t<h1>Chi \u00e8 interessato?<\/h1><h3>Prevalenza complessiva :<\/h3><p>La fibromialgia colpisce circa 2-4 % della popolazione mondiale.<\/p><h3>Ripartizione per sesso :<\/h3><p>Circa l'80-90 % delle persone affette da fibromialgia sono donne, anche se possono soffrirne anche uomini e bambini. Ci\u00f2 suggerisce che le donne hanno maggiori probabilit\u00e0 di sviluppare la malattia.<\/p><h3>Fascia d'et\u00e0 :<\/h3><p>La fibromialgia colpisce soprattutto gli adulti di et\u00e0 compresa tra i 30 e i 60 anni, anche se sono stati diagnosticati casi nei bambini e negli anziani.<\/p><h3>Sintomi e qualit\u00e0 di vita :<\/h3><p>Circa 50-70 pazienti con % soffrono di sintomi associati a disturbi del sonno e affaticamento, che incidono notevolmente sulla loro qualit\u00e0 di vita.<\/p><h3>Impatto economico :<\/h3><p>I costi associati alla fibromialgia, comprese le cure mediche e la perdita di produttivit\u00e0, sono stimati in diversi miliardi di dollari ogni anno nei Paesi sviluppati.<\/p><h3>Durata della malattia :<\/h3><p>La fibromialgia \u00e8 una patologia cronica e dal 70 al 90 % delle persone che ne soffrono i sintomi persistono per diversi anni o addirittura per tutta la vita.<\/p>\t\t\t\t\t\t\t\t<\/div>\n\t\t\t\t<\/div>\n\t\t\t\t\t<\/div>\n\t\t<\/div>\n\t\t\t\t\t<\/div>\n\t\t<\/section>\n\t\t\t\t<section class=\"elementor-section elementor-top-section elementor-element elementor-element-30e0f0d elementor-section-boxed elementor-section-height-default elementor-section-height-default\" data-id=\"30e0f0d\" data-element_type=\"section\" data-e-type=\"section\">\n\t\t\t\t\t\t<div class=\"elementor-container elementor-column-gap-default\">\n\t\t\t\t\t<div class=\"elementor-column elementor-col-100 elementor-top-column elementor-element elementor-element-52d3665\" data-id=\"52d3665\" data-element_type=\"column\" data-e-type=\"column\">\n\t\t\t<div class=\"elementor-widget-wrap\">\n\t\t\t\t\t\t\t<\/div>\n\t\t<\/div>\n\t\t\t\t\t<\/div>\n\t\t<\/section>\n\t\t\t\t<\/div>","protected":false},"excerpt":{"rendered":"<p>Qui est concern\u00e9? Pr\u00e9valence g\u00e9n\u00e9rale : La fibromyalgie touche environ 2 \u00e0 4 % de la population mondiale. R\u00e9partition par sexe : Environ 80 \u00e0 90 % des personnes atteintes [&hellip;]<\/p>\n","protected":false},"author":569,"featured_media":7228,"parent":0,"menu_order":0,"comment_status":"closed","ping_status":"closed","template":"","meta":{"footnotes":""},"class_list":["post-7227","page","type-page","status-publish","has-post-thumbnail","hentry"],"publishpress_future_action":{"enabled":false,"date":"2026-05-04 11:45:08","action":"change-status","newStatus":"draft","terms":[],"taxonomy":"","extraData":[]},"publishpress_future_workflow_manual_trigger":{"enabledWorkflows":[]},"_links":{"self":[{"href":"https:\/\/suisse-fibromyalgie.ch\/it\/wp-json\/wp\/v2\/pages\/7227","targetHints":{"allow":["GET"]}}],"collection":[{"href":"https:\/\/suisse-fibromyalgie.ch\/it\/wp-json\/wp\/v2\/pages"}],"about":[{"href":"https:\/\/suisse-fibromyalgie.ch\/it\/wp-json\/wp\/v2\/types\/page"}],"author":[{"embeddable":true,"href":"https:\/\/suisse-fibromyalgie.ch\/it\/wp-json\/wp\/v2\/users\/569"}],"replies":[{"embeddable":true,"href":"https:\/\/suisse-fibromyalgie.ch\/it\/wp-json\/wp\/v2\/comments?post=7227"}],"version-history":[{"count":4,"href":"https:\/\/suisse-fibromyalgie.ch\/it\/wp-json\/wp\/v2\/pages\/7227\/revisions"}],"predecessor-version":[{"id":7235,"href":"https:\/\/suisse-fibromyalgie.ch\/it\/wp-json\/wp\/v2\/pages\/7227\/revisions\/7235"}],"wp:featuredmedia":[{"embeddable":true,"href":"https:\/\/suisse-fibromyalgie.ch\/it\/wp-json\/wp\/v2\/media\/7228"}],"wp:attachment":[{"href":"https:\/\/suisse-fibromyalgie.ch\/it\/wp-json\/wp\/v2\/media?parent=7227"}],"curies":[{"name":"wp","href":"https:\/\/api.w.org\/{rel}","templated":true}]}}

Chi è interessato?

<div data-elementor-type="wp-page" data-elementor-id="7227" class="elementor elementor-7227" data-elementor-post-type="page">
						<section class="elementor-section elementor-top-section elementor-element elementor-element-b75593e elementor-section-boxed elementor-section-height-default elementor-section-height-default" data-id="b75593e" data-element_type="section" data-e-type="section">
						<div class="elementor-container elementor-column-gap-default">
					<div class="elementor-column elementor-col-33 elementor-top-column elementor-element elementor-element-ce82cff" data-id="ce82cff" data-element_type="column" data-e-type="column">
			<div class="elementor-widget-wrap elementor-element-populated">
						<div class="elementor-element elementor-element-264706f elementor-widget elementor-widget-image" data-id="264706f" data-element_type="widget" data-e-type="widget" data-widget_type="image.default">
				<div class="elementor-widget-container">
															<img fetchpriority="high" decoding="async" width="683" height="1024" src="https://suisse-fibromyalgie.ch/wp-content/uploads/pexels-rossxsavchyn-12073999-683x1024.jpg" class="attachment-large size-large wp-image-7232" alt="" srcset="https://suisse-fibromyalgie.ch/wp-content/uploads/pexels-rossxsavchyn-12073999-683x1024.jpg 683w, https://suisse-fibromyalgie.ch/wp-content/uploads/pexels-rossxsavchyn-12073999-200x300.jpg 200w, https://suisse-fibromyalgie.ch/wp-content/uploads/pexels-rossxsavchyn-12073999-768x1152.jpg 768w, https://suisse-fibromyalgie.ch/wp-content/uploads/pexels-rossxsavchyn-12073999-1024x1536.jpg 1024w, https://suisse-fibromyalgie.ch/wp-content/uploads/pexels-rossxsavchyn-12073999-1365x2048.jpg 1365w, https://suisse-fibromyalgie.ch/wp-content/uploads/pexels-rossxsavchyn-12073999-8x12.jpg 8w, https://suisse-fibromyalgie.ch/wp-content/uploads/pexels-rossxsavchyn-12073999-scaled.jpg 1707w" sizes="(max-width: 683px) 100vw, 683px" />															</div>
				</div>
					</div>
		</div>
				<div class="elementor-column elementor-col-66 elementor-top-column elementor-element elementor-element-fbbbbed" data-id="fbbbbed" data-element_type="column" data-e-type="column">
			<div class="elementor-widget-wrap elementor-element-populated">
						<div class="elementor-element elementor-element-4ed5c0f elementor-widget elementor-widget-text-editor" data-id="4ed5c0f" data-element_type="widget" data-e-type="widget" data-widget_type="text-editor.default">
				<div class="elementor-widget-container">
									<h1>Chi è interessato?</h1><h3>Prevalenza complessiva :</h3><p>La fibromialgia colpisce circa 2-4 % della popolazione mondiale.</p><h3>Ripartizione per sesso :</h3><p>Circa l'80-90 % delle persone affette da fibromialgia sono donne, anche se possono soffrirne anche uomini e bambini. Ciò suggerisce che le donne hanno maggiori probabilità di sviluppare la malattia.</p><h3>Fascia d'età :</h3><p>La fibromialgia colpisce soprattutto gli adulti di età compresa tra i 30 e i 60 anni, anche se sono stati diagnosticati casi nei bambini e negli anziani.</p><h3>Sintomi e qualità di vita :</h3><p>Circa 50-70 pazienti con % soffrono di sintomi associati a disturbi del sonno e affaticamento, che incidono notevolmente sulla loro qualità di vita.</p><h3>Impatto economico :</h3><p>I costi associati alla fibromialgia, comprese le cure mediche e la perdita di produttività, sono stimati in diversi miliardi di dollari ogni anno nei Paesi sviluppati.</p><h3>Durata della malattia :</h3><p>La fibromialgia è una patologia cronica e dal 70 al 90 % delle persone che ne soffrono i sintomi persistono per diversi anni o addirittura per tutta la vita.</p>								</div>
				</div>
					</div>
		</div>
					</div>
		</section>
				<section class="elementor-section elementor-top-section elementor-element elementor-element-30e0f0d elementor-section-boxed elementor-section-height-default elementor-section-height-default" data-id="30e0f0d" data-element_type="section" data-e-type="section">
						<div class="elementor-container elementor-column-gap-default">
					<div class="elementor-column elementor-col-100 elementor-top-column elementor-element elementor-element-52d3665" data-id="52d3665" data-element_type="column" data-e-type="column">
			<div class="elementor-widget-wrap">
							</div>
		</div>
					</div>
		</section>
				</div>

<p>Qui est concerné? Prévalence générale : La fibromyalgie touche environ 2 à 4 % de la population mondiale. Répartition par sexe : Environ 80 à 90 % des personnes atteintes [&hellip;]</p>
