{"id":8880,"date":"2025-12-01T14:36:57","date_gmt":"2025-12-01T13:36:57","guid":{"rendered":"https:\/\/suisse-fibromyalgie.ch\/?post_type=tribe_events&#038;p=8880"},"modified":"2025-12-01T14:46:24","modified_gmt":"2025-12-01T13:46:24","slug":"rencontre-du-club-multimodal-5","status":"publish","type":"tribe_events","link":"https:\/\/suisse-fibromyalgie.ch\/fr\/evenement\/rencontre-du-club-multimodal-5\/","title":{"rendered":"Rencontre du \u00ab\u00a0club multimodal\u00a0\u00bb"},"content":{"rendered":"<p><em><strong>Le sujet n\u2019est pas encore choisi\u00a0!<\/strong><\/em><\/p>\n<p><strong>Lieu de la rencontre :<\/strong> Salle Andros &#8211; BL08.1205<\/p>\n<p>Ces rencontres sont r\u00e9serv\u00e9es aux personnes ayant particip\u00e9 au traitement multimodal du CHUV, sous inscription au pr\u00e9alable chez Philippe Sch\u00fcpbach \u00e0 <a href=\"mailto:philippe.schupbach@suiss-fibromyalgie.ch\">philippe.schupbach@suiss-fibromyalgie.ch<\/a> ou au 076\u00a0322 33 16<\/p>\n","protected":false},"excerpt":{"rendered":"<p>Le sujet n\u2019est pas encore choisi\u00a0! Lieu de la rencontre : Salle Andros &#8211; BL08.1205 Ces rencontres sont r\u00e9serv\u00e9es aux personnes ayant particip\u00e9 au traitement multimodal du CHUV, sous inscription [&hellip;]<\/p>\n","protected":false},"author":1,"featured_media":0,"comment_status":"open","ping_status":"closed","template":"","meta":{"_tribe_events_status":"","_tribe_events_status_reason":"","footnotes":""},"tags":[],"tribe_events_cat":[],"class_list":["post-8880","tribe_events","type-tribe_events","status-publish","hentry"],"publishpress_future_workflow_manual_trigger":{"enabledWorkflows":[]},"_links":{"self":[{"href":"https:\/\/suisse-fibromyalgie.ch\/fr\/wp-json\/wp\/v2\/tribe_events\/8880","targetHints":{"allow":["GET"]}}],"collection":[{"href":"https:\/\/suisse-fibromyalgie.ch\/fr\/wp-json\/wp\/v2\/tribe_events"}],"about":[{"href":"https:\/\/suisse-fibromyalgie.ch\/fr\/wp-json\/wp\/v2\/types\/tribe_events"}],"author":[{"embeddable":true,"href":"https:\/\/suisse-fibromyalgie.ch\/fr\/wp-json\/wp\/v2\/users\/1"}],"replies":[{"embeddable":true,"href":"https:\/\/suisse-fibromyalgie.ch\/fr\/wp-json\/wp\/v2\/comments?post=8880"}],"version-history":[{"count":3,"href":"https:\/\/suisse-fibromyalgie.ch\/fr\/wp-json\/wp\/v2\/tribe_events\/8880\/revisions"}],"predecessor-version":[{"id":8895,"href":"https:\/\/suisse-fibromyalgie.ch\/fr\/wp-json\/wp\/v2\/tribe_events\/8880\/revisions\/8895"}],"wp:attachment":[{"href":"https:\/\/suisse-fibromyalgie.ch\/fr\/wp-json\/wp\/v2\/media?parent=8880"}],"wp:term":[{"taxonomy":"post_tag","embeddable":true,"href":"https:\/\/suisse-fibromyalgie.ch\/fr\/wp-json\/wp\/v2\/tags?post=8880"},{"taxonomy":"tribe_events_cat","embeddable":true,"href":"https:\/\/suisse-fibromyalgie.ch\/fr\/wp-json\/wp\/v2\/tribe_events_cat?post=8880"}],"curies":[{"name":"wp","href":"https:\/\/api.w.org\/{rel}","templated":true}]}}

<p><em><strong>Le sujet n’est pas encore choisi !</strong></em></p>
<p><strong>Lieu de la rencontre :</strong> Salle Andros &#8211; BL08.1205</p>
<p>Ces rencontres sont réservées aux personnes ayant participé au traitement multimodal du CHUV, sous inscription au préalable chez Philippe Schüpbach à <a href="mailto:philippe.schupbach@suiss-fibromyalgie.ch">philippe.schupbach@suiss-fibromyalgie.ch</a> ou au 076 322 33 16</p>

<p>Le sujet n’est pas encore choisi ! Lieu de la rencontre : Salle Andros &#8211; BL08.1205 Ces rencontres sont réservées aux personnes ayant participé au traitement multimodal du CHUV, sous inscription [&hellip;]</p>
