{"id":85,"date":"2021-01-01T00:00:39","date_gmt":"2020-12-31T23:00:39","guid":{"rendered":"https:\/\/suisse-fibromyalgie.ch\/?page_id=85"},"modified":"2024-10-14T10:14:40","modified_gmt":"2024-10-14T08:14:40","slug":"presentation","status":"publish","type":"page","link":"https:\/\/suisse-fibromyalgie.ch\/fr\/presentation\/","title":{"rendered":"Pr\u00e9sentation"},"content":{"rendered":"\t\t<div data-elementor-type=\"wp-page\" data-elementor-id=\"85\" class=\"elementor elementor-85\" data-elementor-post-type=\"page\">\n\t\t\t\t\t\t<section class=\"elementor-section elementor-top-section elementor-element elementor-element-2a0b6c7 elementor-section-boxed elementor-section-height-default elementor-section-height-default\" data-id=\"2a0b6c7\" data-element_type=\"section\" data-e-type=\"section\">\n\t\t\t\t\t\t<div class=\"elementor-container elementor-column-gap-default\">\n\t\t\t\t\t<div class=\"elementor-column elementor-col-100 elementor-top-column elementor-element elementor-element-014a4a2\" data-id=\"014a4a2\" data-element_type=\"column\" data-e-type=\"column\">\n\t\t\t<div class=\"elementor-widget-wrap elementor-element-populated\">\n\t\t\t\t\t\t<div class=\"elementor-element elementor-element-1c127a6 elementor-widget elementor-widget-text-editor\" data-id=\"1c127a6\" data-element_type=\"widget\" data-e-type=\"widget\" data-widget_type=\"text-editor.default\">\n\t\t\t\t<div class=\"elementor-widget-container\">\n\t\t\t\t\t\t\t\t\t<p>Fond\u00e9e en f\u00e9vrier 1997 \u00e0 l&rsquo;initiative de personnes atteintes de fibromyalgie et pr\u00e9occup\u00e9es par la d\u00e9gradation de leur sant\u00e9 et la m\u00e9connaissance de ce syndrome, l&rsquo;Association Suisse des Fibromyalgiques (ASFM) s&rsquo;est donn\u00e9e comme but principal de faire conna\u00eetre et donc reconna\u00eetre la fibromyalgie, de repr\u00e9senter et soutenir ses membres aupr\u00e8s du grand public ainsi que des instances officielles du monde m\u00e9dical, pharmaceutique, social et politique. Elle a son si\u00e8ge administratif \u00e0 Champagne et est membre de la Ligue suisse contre le rhumatisme (LSR) depuis 1999.<\/p><p>A travers diff\u00e9rentes actions, activit\u00e9s, conf\u00e9rences, s\u00e9minaires, journ\u00e9e mondiale, groupes de parole\/d&rsquo;entraide et cours, l&rsquo;ASFM souhaite offrir une plateforme d&rsquo;information, de soutien, d&rsquo;\u00e9changes et de rencontres, afin de concentrer les efforts de chacun dans un combat pour la reconnaissance de cette maladie moderne.<\/p><p>Celle-ci a \u00e9t\u00e9 d\u00e9couverte et diagnostiqu\u00e9e au d\u00e9but du XVIIIe si\u00e8cle comme \u00e9tant du rhumatisme musculaire, avant d&rsquo;\u00eatre nomm\u00e9, en 1976, fibromyalgie, amalgame du mot latin fibra (fibre) et des mots grecs myo (muscle) et algos (douleur). La m\u00e9decine moderne voit de moins en moins la fibromyalgie comme une forme de rhumatisme. L&rsquo;OMS l&rsquo;a retir\u00e9e du groupe des maladies rhumatismales et l&rsquo;a reclass\u00e9e dans le groupe nouvellement cr\u00e9\u00e9 de la douleur chronique g\u00e9n\u00e9ralis\u00e9e. Cette reclassification a \u00e9t\u00e9 effectu\u00e9e sous l&rsquo;influence de l&rsquo;IASP (Association internationale pour l&rsquo;\u00e9tude de la douleur) dans le cadre de la onzi\u00e8me r\u00e9vision de la Classification internationale des maladies <strong>(CIM-11)<\/strong>.<\/p><p>Malgr\u00e9 une reconnaissance en 1992 par l&rsquo;OMS Organisation Mondiale de la Sant\u00e9 en tant que maladie rhumatismale, puis en 2007 comme maladie \u00e0 part enti\u00e8re sous le terme de fibromyalgia, selon sa liste de classification internationale des maladies, la fibromyalgie reste non reconnue en Suisse et donc mal soutenue par l\u2019Assurance Invalidit\u00e9 (AI), entre autres.<\/p><p>Les douleurs chroniques obligent, bien \u00e0 contre c\u0153ur, la plupart des personnes atteintes de ce syndrome \u00e0 devoir adapter, diminuer voire supprimer leur activit\u00e9 professionnelle, sans qu\u2019elles puissent b\u00e9n\u00e9ficier d&rsquo;une quelconque compensation financi\u00e8re leur permettant de vivre dans des conditions d\u00e9centes et surtout de poursuivre leur traitement m\u00e9dical de mani\u00e8re optimale. La majorit\u00e9 d&rsquo;entre elles se trouve tout \u00e0 coup confront\u00e9e \u00e0 une telle situation de d\u00e9tresse et de fragilit\u00e9, tant sur le plan mat\u00e9riel, physique et psychologique, que cela accro\u00eet leur sentiment d&rsquo;incompr\u00e9hension, de rejet, de honte et d&rsquo;isolement.<\/p><p>Le nombre de patients atteints de fibromyalgie augmente d&rsquo;ann\u00e9e en ann\u00e9e et repr\u00e9sente aujourd&rsquo;hui plus de 3% de la population helv\u00e9tique, le femmes sont deux \u00e0 cinq fois plus touch\u00e9es que les hommes. La fibromyalgie peut \u00eatre sous diagnostiqu\u00e9e chez les hommes. Depuis peu, on fait face \u00e0 des crises s\u00e9v\u00e8res de fibromyalgie inaugurale chez des adolescents.<\/p><p>Il est donc primordial d&rsquo;encourager la recherche m\u00e9dicale pour d\u00e9velopper des rem\u00e8des et des traitements th\u00e9rapeutiques efficaces pour soulager les douleurs occasionn\u00e9es par ce syndrome, tout en faisant reconna\u00eetre par les autorit\u00e9s publiques la gravit\u00e9 de ses sympt\u00f4mes. Au vu de ces constatations, l&rsquo;ASFM s&rsquo;efforce donc de mener \u00e0 bien son credo, en faisant conna\u00eetre et, \u00e0 terme, reconna\u00eetre la fibromyalgie pour permettre d&rsquo;aider et de soutenir au mieux toutes celles et ceux qui en souffrent.<\/p><p>L&rsquo;ASFM est une association <strong>\u00e0 but non lucratif et reconnu d&rsquo;utilit\u00e9 publique<\/strong>, sans aucune connotation politique ou religieuse, qui fonctionne gr\u00e2ce aux cotisations de ses membres, aux contributions de bienfaiteurs, aux dons et \u00e0 une quote-part de subventions vers\u00e9es par l&rsquo;Office f\u00e9d\u00e9ral de la sant\u00e9 publique (OFSP) et l&rsquo;Office f\u00e9d\u00e9ral des assurances sociales (OFAS) et r\u00e9partie selon la d\u00e9cision de la Ligue suisse contre le rhumatisme (LSR).<\/p>\t\t\t\t\t\t\t\t<\/div>\n\t\t\t\t<\/div>\n\t\t\t\t\t<\/div>\n\t\t<\/div>\n\t\t\t\t\t<\/div>\n\t\t<\/section>\n\t\t\t\t<\/div>\n\t\t","protected":false},"excerpt":{"rendered":"<p>Fond\u00e9e en f\u00e9vrier 1997 \u00e0 l&rsquo;initiative de personnes atteintes de fibromyalgie et pr\u00e9occup\u00e9es par la d\u00e9gradation de leur sant\u00e9 et la m\u00e9connaissance de ce syndrome, l&rsquo;Association Suisse des Fibromyalgiques (ASFM) [&hellip;]<\/p>\n","protected":false},"author":1,"featured_media":0,"parent":0,"menu_order":0,"comment_status":"closed","ping_status":"closed","template":"","meta":{"footnotes":""},"class_list":["post-85","page","type-page","status-publish","hentry"],"publishpress_future_action":{"enabled":false,"date":"2026-05-10 13:02:55","action":"change-status","newStatus":"draft","terms":[],"taxonomy":"","extraData":[]},"publishpress_future_workflow_manual_trigger":{"enabledWorkflows":[]},"_links":{"self":[{"href":"https:\/\/suisse-fibromyalgie.ch\/fr\/wp-json\/wp\/v2\/pages\/85","targetHints":{"allow":["GET"]}}],"collection":[{"href":"https:\/\/suisse-fibromyalgie.ch\/fr\/wp-json\/wp\/v2\/pages"}],"about":[{"href":"https:\/\/suisse-fibromyalgie.ch\/fr\/wp-json\/wp\/v2\/types\/page"}],"author":[{"embeddable":true,"href":"https:\/\/suisse-fibromyalgie.ch\/fr\/wp-json\/wp\/v2\/users\/1"}],"replies":[{"embeddable":true,"href":"https:\/\/suisse-fibromyalgie.ch\/fr\/wp-json\/wp\/v2\/comments?post=85"}],"version-history":[{"count":6,"href":"https:\/\/suisse-fibromyalgie.ch\/fr\/wp-json\/wp\/v2\/pages\/85\/revisions"}],"predecessor-version":[{"id":6566,"href":"https:\/\/suisse-fibromyalgie.ch\/fr\/wp-json\/wp\/v2\/pages\/85\/revisions\/6566"}],"wp:attachment":[{"href":"https:\/\/suisse-fibromyalgie.ch\/fr\/wp-json\/wp\/v2\/media?parent=85"}],"curies":[{"name":"wp","href":"https:\/\/api.w.org\/{rel}","templated":true}]}}

Présentation

<div data-elementor-type="wp-page" data-elementor-id="85" class="elementor elementor-85" data-elementor-post-type="page">
						<section class="elementor-section elementor-top-section elementor-element elementor-element-2a0b6c7 elementor-section-boxed elementor-section-height-default elementor-section-height-default" data-id="2a0b6c7" data-element_type="section" data-e-type="section">
						<div class="elementor-container elementor-column-gap-default">
					<div class="elementor-column elementor-col-100 elementor-top-column elementor-element elementor-element-014a4a2" data-id="014a4a2" data-element_type="column" data-e-type="column">
			<div class="elementor-widget-wrap elementor-element-populated">
						<div class="elementor-element elementor-element-1c127a6 elementor-widget elementor-widget-text-editor" data-id="1c127a6" data-element_type="widget" data-e-type="widget" data-widget_type="text-editor.default">
				<div class="elementor-widget-container">
									<p>Fondée en février 1997 à l&rsquo;initiative de personnes atteintes de fibromyalgie et préoccupées par la dégradation de leur santé et la méconnaissance de ce syndrome, l&rsquo;Association Suisse des Fibromyalgiques (ASFM) s&rsquo;est donnée comme but principal de faire connaître et donc reconnaître la fibromyalgie, de représenter et soutenir ses membres auprès du grand public ainsi que des instances officielles du monde médical, pharmaceutique, social et politique. Elle a son siège administratif à Champagne et est membre de la Ligue suisse contre le rhumatisme (LSR) depuis 1999.</p><p>A travers différentes actions, activités, conférences, séminaires, journée mondiale, groupes de parole/d&rsquo;entraide et cours, l&rsquo;ASFM souhaite offrir une plateforme d&rsquo;information, de soutien, d&rsquo;échanges et de rencontres, afin de concentrer les efforts de chacun dans un combat pour la reconnaissance de cette maladie moderne.</p><p>Celle-ci a été découverte et diagnostiquée au début du XVIIIe siècle comme étant du rhumatisme musculaire, avant d&rsquo;être nommé, en 1976, fibromyalgie, amalgame du mot latin fibra (fibre) et des mots grecs myo (muscle) et algos (douleur). La médecine moderne voit de moins en moins la fibromyalgie comme une forme de rhumatisme. L&rsquo;OMS l&rsquo;a retirée du groupe des maladies rhumatismales et l&rsquo;a reclassée dans le groupe nouvellement créé de la douleur chronique généralisée. Cette reclassification a été effectuée sous l&rsquo;influence de l&rsquo;IASP (Association internationale pour l&rsquo;étude de la douleur) dans le cadre de la onzième révision de la Classification internationale des maladies <strong>(CIM-11)</strong>.</p><p>Malgré une reconnaissance en 1992 par l&rsquo;OMS Organisation Mondiale de la Santé en tant que maladie rhumatismale, puis en 2007 comme maladie à part entière sous le terme de fibromyalgia, selon sa liste de classification internationale des maladies, la fibromyalgie reste non reconnue en Suisse et donc mal soutenue par l’Assurance Invalidité (AI), entre autres.</p><p>Les douleurs chroniques obligent, bien à contre cœur, la plupart des personnes atteintes de ce syndrome à devoir adapter, diminuer voire supprimer leur activité professionnelle, sans qu’elles puissent bénéficier d&rsquo;une quelconque compensation financière leur permettant de vivre dans des conditions décentes et surtout de poursuivre leur traitement médical de manière optimale. La majorité d&rsquo;entre elles se trouve tout à coup confrontée à une telle situation de détresse et de fragilité, tant sur le plan matériel, physique et psychologique, que cela accroît leur sentiment d&rsquo;incompréhension, de rejet, de honte et d&rsquo;isolement.</p><p>Le nombre de patients atteints de fibromyalgie augmente d&rsquo;année en année et représente aujourd&rsquo;hui plus de 3% de la population helvétique, le femmes sont deux à cinq fois plus touchées que les hommes. La fibromyalgie peut être sous diagnostiquée chez les hommes. Depuis peu, on fait face à des crises sévères de fibromyalgie inaugurale chez des adolescents.</p><p>Il est donc primordial d&rsquo;encourager la recherche médicale pour développer des remèdes et des traitements thérapeutiques efficaces pour soulager les douleurs occasionnées par ce syndrome, tout en faisant reconnaître par les autorités publiques la gravité de ses symptômes. Au vu de ces constatations, l&rsquo;ASFM s&rsquo;efforce donc de mener à bien son credo, en faisant connaître et, à terme, reconnaître la fibromyalgie pour permettre d&rsquo;aider et de soutenir au mieux toutes celles et ceux qui en souffrent.</p><p>L&rsquo;ASFM est une association <strong>à but non lucratif et reconnu d&rsquo;utilité publique</strong>, sans aucune connotation politique ou religieuse, qui fonctionne grâce aux cotisations de ses membres, aux contributions de bienfaiteurs, aux dons et à une quote-part de subventions versées par l&rsquo;Office fédéral de la santé publique (OFSP) et l&rsquo;Office fédéral des assurances sociales (OFAS) et répartie selon la décision de la Ligue suisse contre le rhumatisme (LSR).</p>								</div>
				</div>
					</div>
		</div>
					</div>
		</section>
				</div>

<p>Fondée en février 1997 à l&rsquo;initiative de personnes atteintes de fibromyalgie et préoccupées par la dégradation de leur santé et la méconnaissance de ce syndrome, l&rsquo;Association Suisse des Fibromyalgiques (ASFM) [&hellip;]</p>
