{"id":8362,"date":"2025-04-15T11:54:43","date_gmt":"2025-04-15T09:54:43","guid":{"rendered":"https:\/\/suisse-fibromyalgie.ch\/?page_id=8362"},"modified":"2025-12-01T18:09:27","modified_gmt":"2025-12-01T17:09:27","slug":"pour-renforcer-son-comite","status":"publish","type":"page","link":"https:\/\/suisse-fibromyalgie.ch\/fr\/pour-renforcer-son-comite\/","title":{"rendered":"Pour renforcer son comit\u00e9"},"content":{"rendered":"\t\t<div data-elementor-type=\"wp-page\" data-elementor-id=\"8362\" class=\"elementor elementor-8362\" data-elementor-post-type=\"page\">\n\t\t\t\t\t\t<section class=\"elementor-section elementor-top-section elementor-element elementor-element-ecac868 elementor-section-boxed elementor-section-height-default elementor-section-height-default\" data-id=\"ecac868\" data-element_type=\"section\" data-e-type=\"section\">\n\t\t\t\t\t\t<div class=\"elementor-container elementor-column-gap-default\">\n\t\t\t\t\t<div class=\"elementor-column elementor-col-100 elementor-top-column elementor-element elementor-element-f8f4559\" data-id=\"f8f4559\" data-element_type=\"column\" data-e-type=\"column\">\n\t\t\t<div class=\"elementor-widget-wrap elementor-element-populated\">\n\t\t\t\t\t\t<div class=\"elementor-element elementor-element-deab1bc elementor-widget elementor-widget-text-editor\" data-id=\"deab1bc\" data-element_type=\"widget\" data-e-type=\"widget\" data-widget_type=\"text-editor.default\">\n\t\t\t\t<div class=\"elementor-widget-container\">\n\t\t\t\t\t\t\t\t\t<h3>Disponibilit\u00e9s:<\/h3><ul><li><p>Tout les derniers mardis du mois \u00e0 19h30, pour la s\u00e9ance de comit\u00e9 d&rsquo;une dur\u00e9e d&rsquo;environ 2 heures par visioconf\u00e9rence.<\/p><\/li><li><p>Une s\u00e9ance annuelle en pr\u00e9sentiel le matin, juste avant l&rsquo;assembl\u00e9e g\u00e9n\u00e9rale.<\/p><\/li><li><p>Participer aux activit\u00e9s de l&rsquo;ASFM selon ses disponibilit\u00e9s.<\/p><\/li><\/ul><h3>\u00a0<\/h3><h3>T\u00e2ches:<\/h3><ul><li><p>\u00c0 d\u00e9finir selon le centre d&rsquo;int\u00e9r\u00eat et la disponibilit\u00e9 de la personne.<\/p><\/li><\/ul><h3>\u00a0<\/h3><h3>Ce que vous offre l&rsquo;ASFM:<\/h3><ul><li>La cotisation annuelle offerte<\/li><li>Le prix membre sur les activit\u00e9s<\/li><li>Une journ\u00e9e des b\u00e9n\u00e9voles annuelle offerte<\/li><li>Un accompagnement tout au long de votre parcours<\/li><\/ul><h3>\u00a0<\/h3><h3>Ce que le b\u00e9n\u00e9volat vous apporte:<\/h3><ul><li>Acquisition et renforcement de comp\u00e9tences<\/li><li>Meilleures employabilit\u00e9<\/li><li>Stimulation cognitive<\/li><li>Estime de soi et confiance<\/li><li>R\u00e9duction du stress<\/li><li>Am\u00e9lioration de la sant\u00e9<\/li><li>Renforcement des liens sociaux<\/li><li>Int\u00e9gration sociale<\/li><\/ul>\t\t\t\t\t\t\t\t<\/div>\n\t\t\t\t<\/div>\n\t\t\t\t\t<\/div>\n\t\t<\/div>\n\t\t\t\t\t<\/div>\n\t\t<\/section>\n\t\t\t\t<section class=\"elementor-section elementor-top-section elementor-element elementor-element-7db217f elementor-section-boxed elementor-section-height-default elementor-section-height-default\" data-id=\"7db217f\" data-element_type=\"section\" data-e-type=\"section\">\n\t\t\t\t\t\t<div class=\"elementor-container elementor-column-gap-default\">\n\t\t\t\t\t<div class=\"elementor-column elementor-col-100 elementor-top-column elementor-element elementor-element-2ca5fd1\" data-id=\"2ca5fd1\" data-element_type=\"column\" data-e-type=\"column\">\n\t\t\t<div class=\"elementor-widget-wrap elementor-element-populated\">\n\t\t\t\t\t\t<div class=\"elementor-element elementor-element-d3eae4d elementor-widget elementor-widget-text-editor\" data-id=\"d3eae4d\" data-element_type=\"widget\" data-e-type=\"widget\" data-widget_type=\"text-editor.default\">\n\t\t\t\t<div class=\"elementor-widget-container\">\n\t\t\t\t\t\t\t\t\t<h5><strong>En cas de questions et\/ou d&rsquo;int\u00e9r\u00eat vous pouvez contacter le pr\u00e9sident, Monsieur Philippe Sch\u00fcpbach<\/strong><\/h5><h6><strong>T\u00e9l\u00e9phone:<\/strong> 076 322 33 16<\/h6><h6><strong>Courriel:<\/strong> <a href=\"mailto:philippe.schupbach@suisse-fibromyalgie.ch\" target=\"_blank\" rel=\"noopener\">philippe.schupbach@suisse-fibromyalgie.ch<\/a><\/h6>\t\t\t\t\t\t\t\t<\/div>\n\t\t\t\t<\/div>\n\t\t\t\t\t<\/div>\n\t\t<\/div>\n\t\t\t\t\t<\/div>\n\t\t<\/section>\n\t\t\t\t<\/div>\n\t\t","protected":false},"excerpt":{"rendered":"<p>&#8211; Tenir des stands d&rsquo;informations<br \/>\n&#8211; Compl\u00e9ter son comit\u00e9<br \/>\n&#8211; D\u00e9velopper ces r\u00e9seaux sociaux<br \/>\n&#8211; Aider \u00e0 d\u00e9velopper les offres en suisse al\u00e9maniques<br \/>\n&#8211; Aider \u00e0 d\u00e9velopper les offres au Tessin<\/p>\n","protected":false},"author":1,"featured_media":0,"parent":0,"menu_order":0,"comment_status":"closed","ping_status":"closed","template":"","meta":{"footnotes":""},"class_list":["post-8362","page","type-page","status-publish","hentry"],"publishpress_future_action":{"enabled":false,"date":"2026-05-08 01:32:39","action":"change-status","newStatus":"draft","terms":[],"taxonomy":"","extraData":[]},"publishpress_future_workflow_manual_trigger":{"enabledWorkflows":[]},"_links":{"self":[{"href":"https:\/\/suisse-fibromyalgie.ch\/fr\/wp-json\/wp\/v2\/pages\/8362","targetHints":{"allow":["GET"]}}],"collection":[{"href":"https:\/\/suisse-fibromyalgie.ch\/fr\/wp-json\/wp\/v2\/pages"}],"about":[{"href":"https:\/\/suisse-fibromyalgie.ch\/fr\/wp-json\/wp\/v2\/types\/page"}],"author":[{"embeddable":true,"href":"https:\/\/suisse-fibromyalgie.ch\/fr\/wp-json\/wp\/v2\/users\/1"}],"replies":[{"embeddable":true,"href":"https:\/\/suisse-fibromyalgie.ch\/fr\/wp-json\/wp\/v2\/comments?post=8362"}],"version-history":[{"count":12,"href":"https:\/\/suisse-fibromyalgie.ch\/fr\/wp-json\/wp\/v2\/pages\/8362\/revisions"}],"predecessor-version":[{"id":8941,"href":"https:\/\/suisse-fibromyalgie.ch\/fr\/wp-json\/wp\/v2\/pages\/8362\/revisions\/8941"}],"wp:attachment":[{"href":"https:\/\/suisse-fibromyalgie.ch\/fr\/wp-json\/wp\/v2\/media?parent=8362"}],"curies":[{"name":"wp","href":"https:\/\/api.w.org\/{rel}","templated":true}]}}

Pour renforcer son comité

<div data-elementor-type="wp-page" data-elementor-id="8362" class="elementor elementor-8362" data-elementor-post-type="page">
						<section class="elementor-section elementor-top-section elementor-element elementor-element-ecac868 elementor-section-boxed elementor-section-height-default elementor-section-height-default" data-id="ecac868" data-element_type="section" data-e-type="section">
						<div class="elementor-container elementor-column-gap-default">
					<div class="elementor-column elementor-col-100 elementor-top-column elementor-element elementor-element-f8f4559" data-id="f8f4559" data-element_type="column" data-e-type="column">
			<div class="elementor-widget-wrap elementor-element-populated">
						<div class="elementor-element elementor-element-deab1bc elementor-widget elementor-widget-text-editor" data-id="deab1bc" data-element_type="widget" data-e-type="widget" data-widget_type="text-editor.default">
				<div class="elementor-widget-container">
									<h3>Disponibilités:</h3><ul><li><p>Tout les derniers mardis du mois à 19h30, pour la séance de comité d&rsquo;une durée d&rsquo;environ 2 heures par visioconférence.</p></li><li><p>Une séance annuelle en présentiel le matin, juste avant l&rsquo;assemblée générale.</p></li><li><p>Participer aux activités de l&rsquo;ASFM selon ses disponibilités.</p></li></ul><h3> </h3><h3>Tâches:</h3><ul><li><p>À définir selon le centre d&rsquo;intérêt et la disponibilité de la personne.</p></li></ul><h3> </h3><h3>Ce que vous offre l&rsquo;ASFM:</h3><ul><li>La cotisation annuelle offerte</li><li>Le prix membre sur les activités</li><li>Une journée des bénévoles annuelle offerte</li><li>Un accompagnement tout au long de votre parcours</li></ul><h3> </h3><h3>Ce que le bénévolat vous apporte:</h3><ul><li>Acquisition et renforcement de compétences</li><li>Meilleures employabilité</li><li>Stimulation cognitive</li><li>Estime de soi et confiance</li><li>Réduction du stress</li><li>Amélioration de la santé</li><li>Renforcement des liens sociaux</li><li>Intégration sociale</li></ul>								</div>
				</div>
					</div>
		</div>
					</div>
		</section>
				<section class="elementor-section elementor-top-section elementor-element elementor-element-7db217f elementor-section-boxed elementor-section-height-default elementor-section-height-default" data-id="7db217f" data-element_type="section" data-e-type="section">
						<div class="elementor-container elementor-column-gap-default">
					<div class="elementor-column elementor-col-100 elementor-top-column elementor-element elementor-element-2ca5fd1" data-id="2ca5fd1" data-element_type="column" data-e-type="column">
			<div class="elementor-widget-wrap elementor-element-populated">
						<div class="elementor-element elementor-element-d3eae4d elementor-widget elementor-widget-text-editor" data-id="d3eae4d" data-element_type="widget" data-e-type="widget" data-widget_type="text-editor.default">
				<div class="elementor-widget-container">
									<h5><strong>En cas de questions et/ou d&rsquo;intérêt vous pouvez contacter le président, Monsieur Philippe Schüpbach</strong></h5><h6><strong>Téléphone:</strong> 076 322 33 16</h6><h6><strong>Courriel:</strong> <a href="mailto:philippe.schupbach@suisse-fibromyalgie.ch" target="_blank" rel="noopener">philippe.schupbach@suisse-fibromyalgie.ch</a></h6>								</div>
				</div>
					</div>
		</div>
					</div>
		</section>
				</div>

<p>&#8211; Tenir des stands d&rsquo;informations<br />
&#8211; Compléter son comité<br />
&#8211; Développer ces réseaux sociaux<br />
&#8211; Aider à développer les offres en suisse alémaniques<br />
&#8211; Aider à développer les offres au Tessin</p>
