{"id":6421,"date":"2024-09-27T15:24:08","date_gmt":"2024-09-27T13:24:08","guid":{"rendered":"https:\/\/suisse-fibromyalgie.ch\/?page_id=6421"},"modified":"2024-09-27T15:34:51","modified_gmt":"2024-09-27T13:34:51","slug":"la-fibromyalgie-et-sa-prise-en-charge-globale-en-suisse-romande","status":"publish","type":"page","link":"https:\/\/suisse-fibromyalgie.ch\/fr\/la-fibromyalgie-et-sa-prise-en-charge-globale-en-suisse-romande\/","title":{"rendered":"La Fibromyalgie et sa prise en charge globale en Suisse romande"},"content":{"rendered":"\t\t<div data-elementor-type=\"wp-page\" data-elementor-id=\"6421\" class=\"elementor elementor-6421\" data-elementor-post-type=\"page\">\n\t\t\t\t\t\t<section class=\"elementor-section elementor-top-section elementor-element elementor-element-deae11b elementor-section-boxed elementor-section-height-default elementor-section-height-default\" data-id=\"deae11b\" data-element_type=\"section\" data-e-type=\"section\">\n\t\t\t\t\t\t<div class=\"elementor-container elementor-column-gap-default\">\n\t\t\t\t\t<div class=\"elementor-column elementor-col-100 elementor-top-column elementor-element elementor-element-b5d783b\" data-id=\"b5d783b\" data-element_type=\"column\" data-e-type=\"column\">\n\t\t\t<div class=\"elementor-widget-wrap elementor-element-populated\">\n\t\t\t\t\t\t<div class=\"elementor-element elementor-element-7253295 elementor-widget elementor-widget-heading\" data-id=\"7253295\" data-element_type=\"widget\" data-e-type=\"widget\" data-widget_type=\"heading.default\">\n\t\t\t\t<div class=\"elementor-widget-container\">\n\t\t\t\t\t<h2 class=\"elementor-heading-title elementor-size-default\">Travail de Bachelor de trois \u00e9tudiants (Mmes Marina Da Costa Forte, Nora El Hajouji et M. Alexandre Codreanu) de l'universit\u00e9 de Gen\u00e8ve que l'ASFM a soutenus <\/h2>\t\t\t\t<\/div>\n\t\t\t\t<\/div>\n\t\t\t\t\t<\/div>\n\t\t<\/div>\n\t\t\t\t\t<\/div>\n\t\t<\/section>\n\t\t\t\t<section class=\"elementor-section elementor-top-section elementor-element elementor-element-497ceef elementor-section-boxed elementor-section-height-default elementor-section-height-default\" data-id=\"497ceef\" data-element_type=\"section\" data-e-type=\"section\">\n\t\t\t\t\t\t<div class=\"elementor-container elementor-column-gap-default\">\n\t\t\t\t\t<div class=\"elementor-column elementor-col-100 elementor-top-column elementor-element elementor-element-8eb5239\" data-id=\"8eb5239\" data-element_type=\"column\" data-e-type=\"column\">\n\t\t\t<div class=\"elementor-widget-wrap elementor-element-populated\">\n\t\t\t\t\t\t<div class=\"elementor-element elementor-element-f4079ec elementor-widget elementor-widget-text-editor\" data-id=\"f4079ec\" data-element_type=\"widget\" data-e-type=\"widget\" data-widget_type=\"text-editor.default\">\n\t\t\t\t<div class=\"elementor-widget-container\">\n\t\t\t\t\t\t\t\t\t<h4>R\u00e9sum\u00e9<\/h4><h6>Notre projet d\u2019IMC traite la Fibromyalgie et sa prise en charge globale en Suisse romande. Cette th\u00e9matique nous semble importante, car la fibromyalgie est encore mal comprise, que ce soit en ce qui concerne ses causes, son diagnostic, ses sympt\u00f4mes ou encore sa prise en charge. Ce manque de connaissance conduit \u00e0 un d\u00e9faut de consid\u00e9ration dans le domaine m\u00e9dical et dans celui des assurances, qui m\u00e8ne ainsi \u00e0 une incompr\u00e9hension g\u00e9n\u00e9rale du sujet au sein de la soci\u00e9t\u00e9. Tout ceci entra\u00eene des r\u00e9percussions sur le bien-\u00eatre des patients, mais aussi des soignants qui se sentent d\u00e9munis ou en manque de ressources pour appr\u00e9hender ces enjeux.<\/h6><h6><br \/>Afin de mieux expliquer cette probl\u00e9matique de sant\u00e9, nous nous sommes entretenus avec tous les acteurs concern\u00e9s par cette atteinte afin d\u2019en retirer principalement des donn\u00e9es qualitatives. Les participants incluent 11 patients, 2 m\u00e9decins rhumatologues et 1 assureur. Les entretiens semi-structur\u00e9s ont tous \u00e9t\u00e9 dirig\u00e9s gr\u00e2ce \u00e0 des guides d\u2019entretien r\u00e9dig\u00e9s au pr\u00e9alable.<\/h6><h6><br \/>Les r\u00e9sultats ont confirm\u00e9 nos hypoth\u00e8ses quant \u00e0 la complexit\u00e9 de la prise en charge de la fibromyalgie. Ceux-ci ont mis en \u00e9vidence des difficult\u00e9s dans tous les domaines explor\u00e9s, que ce soit socio-professionnel, familial ou m\u00e9dical. De plus, les patients et les soignants sont tous deux concern\u00e9s par ces enjeux.<\/h6><h6>Le principal probl\u00e8me soulev\u00e9 concerne la reconnaissance de la fibromyalgie en tant que maladie. Ce manque de reconnaissance, notamment aupr\u00e8s des assurances, pose des difficult\u00e9s dans l\u2019obtention d\u2019une rente AI. Ceci impacte le quotidien des patients du point de vue professionnel et social.<\/h6><h6><br \/>En conclusion, nous pensons qu\u2019un investissement dans la recherche permettrait de mieux conna\u00eetre la physiopathologie de cette atteinte et ainsi, conduirait \u00e0 une meilleure reconnaissance et prise en charge.<\/h6>\t\t\t\t\t\t\t\t<\/div>\n\t\t\t\t<\/div>\n\t\t\t\t\t<\/div>\n\t\t<\/div>\n\t\t\t\t\t<\/div>\n\t\t<\/section>\n\t\t\t\t<section class=\"elementor-section elementor-top-section elementor-element elementor-element-958e6ec elementor-section-boxed elementor-section-height-default elementor-section-height-default\" data-id=\"958e6ec\" data-element_type=\"section\" data-e-type=\"section\">\n\t\t\t\t\t\t<div class=\"elementor-container elementor-column-gap-default\">\n\t\t\t\t\t<div class=\"elementor-column elementor-col-100 elementor-top-column elementor-element elementor-element-afefd1e\" data-id=\"afefd1e\" data-element_type=\"column\" data-e-type=\"column\">\n\t\t\t<div class=\"elementor-widget-wrap elementor-element-populated\">\n\t\t\t\t\t\t<div class=\"elementor-element elementor-element-5f0ab28 elementor-widget elementor-widget-text-editor\" data-id=\"5f0ab28\" data-element_type=\"widget\" data-e-type=\"widget\" data-widget_type=\"text-editor.default\">\n\t\t\t\t<div class=\"elementor-widget-container\">\n\t\t\t\t\t\t\t\t\t<h5 style=\"text-align: center;\"><strong>Pour t\u00e9l\u00e9charger le travail de Bachelor<\/strong><strong>, cliquez sur le lien ci-dessous:<\/strong><\/h5><h5 style=\"text-align: center;\"><a href=\"https:\/\/suisse-fibromyalgie.ch\/wp-content\/uploads\/La-Fibromyalgie-et-sa-prise-en-charge-en-Suisse.pdf\">La Fibromyalgie et sa prise en charge en Suisse<\/a><\/h5>\t\t\t\t\t\t\t\t<\/div>\n\t\t\t\t<\/div>\n\t\t\t\t\t<\/div>\n\t\t<\/div>\n\t\t\t\t\t<\/div>\n\t\t<\/section>\n\t\t\t\t<\/div>\n\t\t","protected":false},"excerpt":{"rendered":"<p>Travail de Bachelor de trois \u00e9tudiants (Mmes Marina Da Costa Forte, Nora El Hajouji et M. Alexandre Codreanu) de l&rsquo;universit\u00e9 de Gen\u00e8ve que l&rsquo;ASFM a soutenus R\u00e9sum\u00e9 Notre projet d\u2019IMC [&hellip;]<\/p>\n","protected":false},"author":1,"featured_media":0,"parent":0,"menu_order":0,"comment_status":"closed","ping_status":"closed","template":"","meta":{"footnotes":""},"class_list":["post-6421","page","type-page","status-publish","hentry"],"publishpress_future_action":{"enabled":false,"date":"2026-05-09 13:16:48","action":"change-status","newStatus":"draft","terms":[],"taxonomy":"","extraData":[]},"publishpress_future_workflow_manual_trigger":{"enabledWorkflows":[]},"_links":{"self":[{"href":"https:\/\/suisse-fibromyalgie.ch\/fr\/wp-json\/wp\/v2\/pages\/6421","targetHints":{"allow":["GET"]}}],"collection":[{"href":"https:\/\/suisse-fibromyalgie.ch\/fr\/wp-json\/wp\/v2\/pages"}],"about":[{"href":"https:\/\/suisse-fibromyalgie.ch\/fr\/wp-json\/wp\/v2\/types\/page"}],"author":[{"embeddable":true,"href":"https:\/\/suisse-fibromyalgie.ch\/fr\/wp-json\/wp\/v2\/users\/1"}],"replies":[{"embeddable":true,"href":"https:\/\/suisse-fibromyalgie.ch\/fr\/wp-json\/wp\/v2\/comments?post=6421"}],"version-history":[{"count":3,"href":"https:\/\/suisse-fibromyalgie.ch\/fr\/wp-json\/wp\/v2\/pages\/6421\/revisions"}],"predecessor-version":[{"id":6424,"href":"https:\/\/suisse-fibromyalgie.ch\/fr\/wp-json\/wp\/v2\/pages\/6421\/revisions\/6424"}],"wp:attachment":[{"href":"https:\/\/suisse-fibromyalgie.ch\/fr\/wp-json\/wp\/v2\/media?parent=6421"}],"curies":[{"name":"wp","href":"https:\/\/api.w.org\/{rel}","templated":true}]}}

<div data-elementor-type="wp-page" data-elementor-id="6421" class="elementor elementor-6421" data-elementor-post-type="page">
						<section class="elementor-section elementor-top-section elementor-element elementor-element-deae11b elementor-section-boxed elementor-section-height-default elementor-section-height-default" data-id="deae11b" data-element_type="section" data-e-type="section">
						<div class="elementor-container elementor-column-gap-default">
					<div class="elementor-column elementor-col-100 elementor-top-column elementor-element elementor-element-b5d783b" data-id="b5d783b" data-element_type="column" data-e-type="column">
			<div class="elementor-widget-wrap elementor-element-populated">
						<div class="elementor-element elementor-element-7253295 elementor-widget elementor-widget-heading" data-id="7253295" data-element_type="widget" data-e-type="widget" data-widget_type="heading.default">
				<div class="elementor-widget-container">
					<h2 class="elementor-heading-title elementor-size-default">Travail de Bachelor de trois étudiants (Mmes Marina Da Costa Forte, Nora El Hajouji et M. Alexandre Codreanu) de l'université de Genève que l'ASFM a soutenus </h2>				</div>
				</div>
					</div>
		</div>
					</div>
		</section>
				<section class="elementor-section elementor-top-section elementor-element elementor-element-497ceef elementor-section-boxed elementor-section-height-default elementor-section-height-default" data-id="497ceef" data-element_type="section" data-e-type="section">
						<div class="elementor-container elementor-column-gap-default">
					<div class="elementor-column elementor-col-100 elementor-top-column elementor-element elementor-element-8eb5239" data-id="8eb5239" data-element_type="column" data-e-type="column">
			<div class="elementor-widget-wrap elementor-element-populated">
						<div class="elementor-element elementor-element-f4079ec elementor-widget elementor-widget-text-editor" data-id="f4079ec" data-element_type="widget" data-e-type="widget" data-widget_type="text-editor.default">
				<div class="elementor-widget-container">
									<h4>Résumé</h4><h6>Notre projet d’IMC traite la Fibromyalgie et sa prise en charge globale en Suisse romande. Cette thématique nous semble importante, car la fibromyalgie est encore mal comprise, que ce soit en ce qui concerne ses causes, son diagnostic, ses symptômes ou encore sa prise en charge. Ce manque de connaissance conduit à un défaut de considération dans le domaine médical et dans celui des assurances, qui mène ainsi à une incompréhension générale du sujet au sein de la société. Tout ceci entraîne des répercussions sur le bien-être des patients, mais aussi des soignants qui se sentent démunis ou en manque de ressources pour appréhender ces enjeux.</h6><h6><br />Afin de mieux expliquer cette problématique de santé, nous nous sommes entretenus avec tous les acteurs concernés par cette atteinte afin d’en retirer principalement des données qualitatives. Les participants incluent 11 patients, 2 médecins rhumatologues et 1 assureur. Les entretiens semi-structurés ont tous été dirigés grâce à des guides d’entretien rédigés au préalable.</h6><h6><br />Les résultats ont confirmé nos hypothèses quant à la complexité de la prise en charge de la fibromyalgie. Ceux-ci ont mis en évidence des difficultés dans tous les domaines explorés, que ce soit socio-professionnel, familial ou médical. De plus, les patients et les soignants sont tous deux concernés par ces enjeux.</h6><h6>Le principal problème soulevé concerne la reconnaissance de la fibromyalgie en tant que maladie. Ce manque de reconnaissance, notamment auprès des assurances, pose des difficultés dans l’obtention d’une rente AI. Ceci impacte le quotidien des patients du point de vue professionnel et social.</h6><h6><br />En conclusion, nous pensons qu’un investissement dans la recherche permettrait de mieux connaître la physiopathologie de cette atteinte et ainsi, conduirait à une meilleure reconnaissance et prise en charge.</h6>								</div>
				</div>
					</div>
		</div>
					</div>
		</section>
				<section class="elementor-section elementor-top-section elementor-element elementor-element-958e6ec elementor-section-boxed elementor-section-height-default elementor-section-height-default" data-id="958e6ec" data-element_type="section" data-e-type="section">
						<div class="elementor-container elementor-column-gap-default">
					<div class="elementor-column elementor-col-100 elementor-top-column elementor-element elementor-element-afefd1e" data-id="afefd1e" data-element_type="column" data-e-type="column">
			<div class="elementor-widget-wrap elementor-element-populated">
						<div class="elementor-element elementor-element-5f0ab28 elementor-widget elementor-widget-text-editor" data-id="5f0ab28" data-element_type="widget" data-e-type="widget" data-widget_type="text-editor.default">
				<div class="elementor-widget-container">
									<h5 style="text-align: center;"><strong>Pour télécharger le travail de Bachelor</strong><strong>, cliquez sur le lien ci-dessous:</strong></h5><h5 style="text-align: center;"><a href="https://suisse-fibromyalgie.ch/wp-content/uploads/La-Fibromyalgie-et-sa-prise-en-charge-en-Suisse.pdf">La Fibromyalgie et sa prise en charge en Suisse</a></h5>								</div>
				</div>
					</div>
		</div>
					</div>
		</section>
				</div>

<p>Travail de Bachelor de trois étudiants (Mmes Marina Da Costa Forte, Nora El Hajouji et M. Alexandre Codreanu) de l&rsquo;université de Genève que l&rsquo;ASFM a soutenus Résumé Notre projet d’IMC [&hellip;]</p>
