{"id":8362,"date":"2025-04-15T11:54:43","date_gmt":"2025-04-15T09:54:43","guid":{"rendered":"https:\/\/suisse-fibromyalgie.ch\/?page_id=8362"},"modified":"2025-12-01T18:09:27","modified_gmt":"2025-12-01T17:09:27","slug":"pour-renforcer-son-comite","status":"publish","type":"page","link":"https:\/\/suisse-fibromyalgie.ch\/de\/pour-renforcer-son-comite\/","title":{"rendered":"Zur Verst\u00e4rkung seines Ausschusses"},"content":{"rendered":"<div data-elementor-type=\"wp-page\" data-elementor-id=\"8362\" class=\"elementor elementor-8362\" data-elementor-post-type=\"page\">\n\t\t\t\t\t\t<section class=\"elementor-section elementor-top-section elementor-element elementor-element-ecac868 elementor-section-boxed elementor-section-height-default elementor-section-height-default\" data-id=\"ecac868\" data-element_type=\"section\" data-e-type=\"section\">\n\t\t\t\t\t\t<div class=\"elementor-container elementor-column-gap-default\">\n\t\t\t\t\t<div class=\"elementor-column elementor-col-100 elementor-top-column elementor-element elementor-element-f8f4559\" data-id=\"f8f4559\" data-element_type=\"column\" data-e-type=\"column\">\n\t\t\t<div class=\"elementor-widget-wrap elementor-element-populated\">\n\t\t\t\t\t\t<div class=\"elementor-element elementor-element-deab1bc elementor-widget elementor-widget-text-editor\" data-id=\"deab1bc\" data-element_type=\"widget\" data-e-type=\"widget\" data-widget_type=\"text-editor.default\">\n\t\t\t\t<div class=\"elementor-widget-container\">\n\t\t\t\t\t\t\t\t\t<h3>Verf\u00fcgbarkeit:<\/h3><ul><li><p>Jeden letzten Dienstag im Monat um 19:30 Uhr, f\u00fcr die etwa zweist\u00fcndige Ausschusssitzung per Videokonferenz.<\/p><\/li><li><p>Eine j\u00e4hrliche Pr\u00e4senzsitzung am Vormittag, unmittelbar vor der Generalversammlung.<\/p><\/li><li><p>Je nach Verf\u00fcgbarkeit an den Aktivit\u00e4ten der ASFM teilnehmen.<\/p><\/li><\/ul><h3>\u00a0<\/h3><h3>Aufgaben:<\/h3><ul><li><p>Je nach Interessengebiet und Verf\u00fcgbarkeit der Person festzulegen.<\/p><\/li><\/ul><h3>\u00a0<\/h3><h3>Was Ihnen die ASFM bietet:<\/h3><ul><li>Der angebotene Jahresbeitrag<\/li><li>Der Mitgliedspreis f\u00fcr Aktivit\u00e4ten<\/li><li>Ein j\u00e4hrlicher Freiwilligentag<\/li><li>Begleitung w\u00e4hrend Ihres gesamten Werdegangs<\/li><\/ul><h3>\u00a0<\/h3><h3>Was Ihnen die Freiwilligenarbeit bringt:<\/h3><ul><li>Erwerb und Ausbau von Kompetenzen<\/li><li>Bessere Besch\u00e4ftigungsf\u00e4higkeit<\/li><li>Kognitive Stimulation<\/li><li>Selbstwertgef\u00fchl und Selbstvertrauen<\/li><li>Stressabbau<\/li><li>Verbesserung der Gesundheit<\/li><li>St\u00e4rkung sozialer Bindungen<\/li><li>Soziale Integration<\/li><\/ul>\t\t\t\t\t\t\t\t<\/div>\n\t\t\t\t<\/div>\n\t\t\t\t\t<\/div>\n\t\t<\/div>\n\t\t\t\t\t<\/div>\n\t\t<\/section>\n\t\t\t\t<section class=\"elementor-section elementor-top-section elementor-element elementor-element-7db217f elementor-section-boxed elementor-section-height-default elementor-section-height-default\" data-id=\"7db217f\" data-element_type=\"section\" data-e-type=\"section\">\n\t\t\t\t\t\t<div class=\"elementor-container elementor-column-gap-default\">\n\t\t\t\t\t<div class=\"elementor-column elementor-col-100 elementor-top-column elementor-element elementor-element-2ca5fd1\" data-id=\"2ca5fd1\" data-element_type=\"column\" data-e-type=\"column\">\n\t\t\t<div class=\"elementor-widget-wrap elementor-element-populated\">\n\t\t\t\t\t\t<div class=\"elementor-element elementor-element-d3eae4d elementor-widget elementor-widget-text-editor\" data-id=\"d3eae4d\" data-element_type=\"widget\" data-e-type=\"widget\" data-widget_type=\"text-editor.default\">\n\t\t\t\t<div class=\"elementor-widget-container\">\n\t\t\t\t\t\t\t\t\t<h5><strong>Bei Fragen und\/oder Interesse k\u00f6nnen Sie den Pr\u00e4sidenten, Herrn Philippe Sch\u00fcpbach, kontaktieren<\/strong><\/h5><h6><strong>Telefon:<\/strong> 076 322 33 16<\/h6><h6><strong>E-Mail:<\/strong> <a href=\"mailto:philippe.schupbach@suisse-fibromyalgie.ch\" target=\"_blank\" rel=\"noopener\">philippe.schupbach@suisse-fibromyalgie.ch<\/a><\/h6>\t\t\t\t\t\t\t\t<\/div>\n\t\t\t\t<\/div>\n\t\t\t\t\t<\/div>\n\t\t<\/div>\n\t\t\t\t\t<\/div>\n\t\t<\/section>\n\t\t\t\t<\/div>","protected":false},"excerpt":{"rendered":"<p>- Informationsst\u00e4nde betreiben<br \/>\n- Sein Komitee vervollst\u00e4ndigen<br \/>\n- Diese sozialen Netzwerke ausbauen<br \/>\n- Hilfe bei der Entwicklung von Angeboten in der deutschsprachigen Schweiz<br \/>\n- Hilfe bei der Entwicklung von Angeboten im Tessin<\/p>","protected":false},"author":1,"featured_media":0,"parent":0,"menu_order":0,"comment_status":"closed","ping_status":"closed","template":"","meta":{"footnotes":""},"class_list":["post-8362","page","type-page","status-publish","hentry"],"publishpress_future_action":{"enabled":false,"date":"2026-05-08 00:19:19","action":"change-status","newStatus":"draft","terms":[],"taxonomy":"","extraData":[]},"publishpress_future_workflow_manual_trigger":{"enabledWorkflows":[]},"_links":{"self":[{"href":"https:\/\/suisse-fibromyalgie.ch\/de\/wp-json\/wp\/v2\/pages\/8362","targetHints":{"allow":["GET"]}}],"collection":[{"href":"https:\/\/suisse-fibromyalgie.ch\/de\/wp-json\/wp\/v2\/pages"}],"about":[{"href":"https:\/\/suisse-fibromyalgie.ch\/de\/wp-json\/wp\/v2\/types\/page"}],"author":[{"embeddable":true,"href":"https:\/\/suisse-fibromyalgie.ch\/de\/wp-json\/wp\/v2\/users\/1"}],"replies":[{"embeddable":true,"href":"https:\/\/suisse-fibromyalgie.ch\/de\/wp-json\/wp\/v2\/comments?post=8362"}],"version-history":[{"count":12,"href":"https:\/\/suisse-fibromyalgie.ch\/de\/wp-json\/wp\/v2\/pages\/8362\/revisions"}],"predecessor-version":[{"id":8941,"href":"https:\/\/suisse-fibromyalgie.ch\/de\/wp-json\/wp\/v2\/pages\/8362\/revisions\/8941"}],"wp:attachment":[{"href":"https:\/\/suisse-fibromyalgie.ch\/de\/wp-json\/wp\/v2\/media?parent=8362"}],"curies":[{"name":"wp","href":"https:\/\/api.w.org\/{rel}","templated":true}]}}

Zur Verstärkung seines Ausschusses

<div data-elementor-type="wp-page" data-elementor-id="8362" class="elementor elementor-8362" data-elementor-post-type="page">
						<section class="elementor-section elementor-top-section elementor-element elementor-element-ecac868 elementor-section-boxed elementor-section-height-default elementor-section-height-default" data-id="ecac868" data-element_type="section" data-e-type="section">
						<div class="elementor-container elementor-column-gap-default">
					<div class="elementor-column elementor-col-100 elementor-top-column elementor-element elementor-element-f8f4559" data-id="f8f4559" data-element_type="column" data-e-type="column">
			<div class="elementor-widget-wrap elementor-element-populated">
						<div class="elementor-element elementor-element-deab1bc elementor-widget elementor-widget-text-editor" data-id="deab1bc" data-element_type="widget" data-e-type="widget" data-widget_type="text-editor.default">
				<div class="elementor-widget-container">
									<h3>Verfügbarkeit:</h3><ul><li><p>Jeden letzten Dienstag im Monat um 19:30 Uhr, für die etwa zweistündige Ausschusssitzung per Videokonferenz.</p></li><li><p>Eine jährliche Präsenzsitzung am Vormittag, unmittelbar vor der Generalversammlung.</p></li><li><p>Je nach Verfügbarkeit an den Aktivitäten der ASFM teilnehmen.</p></li></ul><h3> </h3><h3>Aufgaben:</h3><ul><li><p>Je nach Interessengebiet und Verfügbarkeit der Person festzulegen.</p></li></ul><h3> </h3><h3>Was Ihnen die ASFM bietet:</h3><ul><li>Der angebotene Jahresbeitrag</li><li>Der Mitgliedspreis für Aktivitäten</li><li>Ein jährlicher Freiwilligentag</li><li>Begleitung während Ihres gesamten Werdegangs</li></ul><h3> </h3><h3>Was Ihnen die Freiwilligenarbeit bringt:</h3><ul><li>Erwerb und Ausbau von Kompetenzen</li><li>Bessere Beschäftigungsfähigkeit</li><li>Kognitive Stimulation</li><li>Selbstwertgefühl und Selbstvertrauen</li><li>Stressabbau</li><li>Verbesserung der Gesundheit</li><li>Stärkung sozialer Bindungen</li><li>Soziale Integration</li></ul>								</div>
				</div>
					</div>
		</div>
					</div>
		</section>
				<section class="elementor-section elementor-top-section elementor-element elementor-element-7db217f elementor-section-boxed elementor-section-height-default elementor-section-height-default" data-id="7db217f" data-element_type="section" data-e-type="section">
						<div class="elementor-container elementor-column-gap-default">
					<div class="elementor-column elementor-col-100 elementor-top-column elementor-element elementor-element-2ca5fd1" data-id="2ca5fd1" data-element_type="column" data-e-type="column">
			<div class="elementor-widget-wrap elementor-element-populated">
						<div class="elementor-element elementor-element-d3eae4d elementor-widget elementor-widget-text-editor" data-id="d3eae4d" data-element_type="widget" data-e-type="widget" data-widget_type="text-editor.default">
				<div class="elementor-widget-container">
									<h5><strong>Bei Fragen und/oder Interesse können Sie den Präsidenten, Herrn Philippe Schüpbach, kontaktieren</strong></h5><h6><strong>Telefon:</strong> 076 322 33 16</h6><h6><strong>E-Mail:</strong> <a href="mailto:philippe.schupbach@suisse-fibromyalgie.ch" target="_blank" rel="noopener">philippe.schupbach@suisse-fibromyalgie.ch</a></h6>								</div>
				</div>
					</div>
		</div>
					</div>
		</section>
				</div>

<p>- Informationsstände betreiben<br />
- Sein Komitee vervollständigen<br />
- Diese sozialen Netzwerke ausbauen<br />
- Hilfe bei der Entwicklung von Angeboten in der deutschsprachigen Schweiz<br />
- Hilfe bei der Entwicklung von Angeboten im Tessin</p>
