{"id":5948,"date":"2024-08-05T21:16:13","date_gmt":"2024-08-05T19:16:13","guid":{"rendered":"https:\/\/suisse-fibromyalgie.ch\/?page_id=5948"},"modified":"2024-08-05T21:16:54","modified_gmt":"2024-08-05T19:16:54","slug":"elhamrani-monsif-medecine-naturel-morges","status":"publish","type":"page","link":"http:\/\/suisse-fibromyalgie.ch\/fr\/elhamrani-monsif-medecine-naturel-morges\/","title":{"rendered":"Elhamrani Monsif &#8211; M\u00e9decine naturel &#8211; Morges"},"content":{"rendered":"\t\t<div data-elementor-type=\"wp-page\" data-elementor-id=\"5948\" class=\"elementor elementor-5948\" data-elementor-post-type=\"page\">\n\t\t\t\t\t\t<section class=\"elementor-section elementor-top-section elementor-element elementor-element-5643a8c elementor-section-boxed elementor-section-height-default elementor-section-height-default\" data-id=\"5643a8c\" data-element_type=\"section\" data-e-type=\"section\">\n\t\t\t\t\t\t<div class=\"elementor-container elementor-column-gap-default\">\n\t\t\t\t\t<div class=\"elementor-column elementor-col-50 elementor-top-column elementor-element elementor-element-c953588\" data-id=\"c953588\" data-element_type=\"column\" data-e-type=\"column\">\n\t\t\t<div class=\"elementor-widget-wrap elementor-element-populated\">\n\t\t\t\t\t\t<div class=\"elementor-element elementor-element-68ab1cb elementor-widget elementor-widget-image\" data-id=\"68ab1cb\" data-element_type=\"widget\" data-e-type=\"widget\" data-widget_type=\"image.default\">\n\t\t\t\t<div class=\"elementor-widget-container\">\n\t\t\t\t\t\t\t\t\t\t\t\t\t\t\t<img fetchpriority=\"high\" decoding=\"async\" width=\"539\" height=\"539\" src=\"https:\/\/suisse-fibromyalgie.ch\/wp-content\/uploads\/Elhamrani-Monsif.jpg\" class=\"attachment-medium_large size-medium_large wp-image-5596\" alt=\"\" srcset=\"https:\/\/suisse-fibromyalgie.ch\/wp-content\/uploads\/Elhamrani-Monsif.jpg 539w, https:\/\/suisse-fibromyalgie.ch\/wp-content\/uploads\/Elhamrani-Monsif-300x300.jpg 300w, https:\/\/suisse-fibromyalgie.ch\/wp-content\/uploads\/Elhamrani-Monsif-150x150.jpg 150w, https:\/\/suisse-fibromyalgie.ch\/wp-content\/uploads\/Elhamrani-Monsif-12x12.jpg 12w\" sizes=\"(max-width: 539px) 100vw, 539px\" \/>\t\t\t\t\t\t\t\t\t\t\t\t\t\t\t<\/div>\n\t\t\t\t<\/div>\n\t\t\t\t\t<\/div>\n\t\t<\/div>\n\t\t\t\t<div class=\"elementor-column elementor-col-50 elementor-top-column elementor-element elementor-element-d7d3abd\" data-id=\"d7d3abd\" data-element_type=\"column\" data-e-type=\"column\">\n\t\t\t<div class=\"elementor-widget-wrap elementor-element-populated\">\n\t\t\t\t\t\t<div class=\"elementor-element elementor-element-cdd1fa2 elementor-widget elementor-widget-text-editor\" data-id=\"cdd1fa2\" data-element_type=\"widget\" data-e-type=\"widget\" data-widget_type=\"text-editor.default\">\n\t\t\t\t<div class=\"elementor-widget-container\">\n\t\t\t\t\t\t\t\t\t<p>\u00ab\u00a0Mon voyage a commenc\u00e9 en tant qu\u2019ing\u00e9nieur en g\u00e9nie thermique et \u00e9nerg\u00e9tique. Pendant une d\u00e9cennie riche et d\u00e9cisive, j\u2019ai navigu\u00e9 \u00e0 travers des projets exigeants ; de la conception \u00e0 la mise en \u0153uvre de syst\u00e8mes de chauffage et de climatisation pour des b\u00e2timents tels que le bloc op\u00e9ratoire du Centre Alexis Vautrin et les h\u00f4pitaux de Nancy.<\/p><p>Cependant, une autre part de moi s\u2019est toujours sentie attir\u00e9e par l\u2019art et la puissance \u00e9motive de la musique. Parall\u00e8lement \u00e0 ma carri\u00e8re en g\u00e9nie, je me suis plong\u00e9 dans la cr\u00e9ation musicale, \u00e9crivant et produisant mes propres \u0153uvres. C\u2019\u00e9tait un \u00e9quilibre entre l\u2019analytique et le cr\u00e9atif qui a apport\u00e9 une harmonie \u00e0 ma vie.<\/p><p>Puis, une nouvelle voie s\u2019est ouverte \u00e0 moi. J\u2019ai \u00e9t\u00e9 introduit au monde du d\u00e9veloppement personnel, un monde o\u00f9 la croissance et le changement sont non seulement possibles, mais encourag\u00e9s. La m\u00e9ditation, le coaching, le neurofeedback \u2013 chaque discipline \u00e9tait une nouvelle note dans la symphonie de la r\u00e9alisation de soi.<\/p><p>Mais c\u2019est lorsque j\u2019ai d\u00e9couvert la naturopathie que toutes les pi\u00e8ces du puzzle ont commenc\u00e9 \u00e0 s\u2019assembler. Et c\u2019est devenu une passion : un m\u00e9lange d\u2019art, de science et de gu\u00e9rison qui a trouv\u00e9 une r\u00e9sonance profonde en moi. Aujourd\u2019hui, je tire parti de toutes ces exp\u00e9riences diverses dans ma pratique de la m\u00e9decine naturelle, proposant une approche unique et holistique du bien-\u00eatre \u00e0 mes clients.\u00a0\u00bb<\/p>\t\t\t\t\t\t\t\t<\/div>\n\t\t\t\t<\/div>\n\t\t\t\t\t<\/div>\n\t\t<\/div>\n\t\t\t\t\t<\/div>\n\t\t<\/section>\n\t\t\t\t<section class=\"elementor-section elementor-top-section elementor-element elementor-element-085dee4 elementor-section-boxed elementor-section-height-default elementor-section-height-default\" data-id=\"085dee4\" data-element_type=\"section\" data-e-type=\"section\">\n\t\t\t\t\t\t<div class=\"elementor-container elementor-column-gap-default\">\n\t\t\t\t\t<div class=\"elementor-column elementor-col-50 elementor-top-column elementor-element elementor-element-fd354a9\" data-id=\"fd354a9\" data-element_type=\"column\" data-e-type=\"column\">\n\t\t\t<div class=\"elementor-widget-wrap elementor-element-populated\">\n\t\t\t\t\t\t<div class=\"elementor-element elementor-element-056f65c elementor-widget elementor-widget-text-editor\" data-id=\"056f65c\" data-element_type=\"widget\" data-e-type=\"widget\" data-widget_type=\"text-editor.default\">\n\t\t\t\t<div class=\"elementor-widget-container\">\n\t\t\t\t\t\t\t\t\t<p>Propose des conseils aux membres de l&rsquo;ASFM avec des tarifs pr\u00e9f\u00e9rentiel.<\/p>\t\t\t\t\t\t\t\t<\/div>\n\t\t\t\t<\/div>\n\t\t\t\t\t<\/div>\n\t\t<\/div>\n\t\t\t\t<div class=\"elementor-column elementor-col-50 elementor-top-column elementor-element elementor-element-f2fd1cd\" data-id=\"f2fd1cd\" data-element_type=\"column\" data-e-type=\"column\">\n\t\t\t<div class=\"elementor-widget-wrap elementor-element-populated\">\n\t\t\t\t\t\t<div class=\"elementor-element elementor-element-eb4a11b elementor-widget elementor-widget-text-editor\" data-id=\"eb4a11b\" data-element_type=\"widget\" data-e-type=\"widget\" data-widget_type=\"text-editor.default\">\n\t\t\t\t<div class=\"elementor-widget-container\">\n\t\t\t\t\t\t\t\t\t<p><a href=\"https:\/\/cmn-monsif.ch\/\" target=\"_blank\" rel=\"noopener\">En savoir plus, cliquez sur ce lien<\/a><\/p>\t\t\t\t\t\t\t\t<\/div>\n\t\t\t\t<\/div>\n\t\t\t\t\t<\/div>\n\t\t<\/div>\n\t\t\t\t\t<\/div>\n\t\t<\/section>\n\t\t\t\t<\/div>\n\t\t","protected":false},"excerpt":{"rendered":"<p>\u00ab\u00a0Mon voyage a commenc\u00e9 en tant qu\u2019ing\u00e9nieur en g\u00e9nie thermique et \u00e9nerg\u00e9tique. Pendant une d\u00e9cennie riche et d\u00e9cisive, j\u2019ai navigu\u00e9 \u00e0 travers des projets exigeants ; de la conception \u00e0 [&hellip;]<\/p>\n","protected":false},"author":1,"featured_media":0,"parent":0,"menu_order":0,"comment_status":"closed","ping_status":"closed","template":"","meta":{"footnotes":""},"class_list":["post-5948","page","type-page","status-publish","hentry"],"publishpress_future_action":{"enabled":false,"date":"2026-05-07 05:24:25","action":"change-status","newStatus":"draft","terms":[],"taxonomy":"","extraData":[]},"publishpress_future_workflow_manual_trigger":{"enabledWorkflows":[]},"_links":{"self":[{"href":"http:\/\/suisse-fibromyalgie.ch\/fr\/wp-json\/wp\/v2\/pages\/5948","targetHints":{"allow":["GET"]}}],"collection":[{"href":"http:\/\/suisse-fibromyalgie.ch\/fr\/wp-json\/wp\/v2\/pages"}],"about":[{"href":"http:\/\/suisse-fibromyalgie.ch\/fr\/wp-json\/wp\/v2\/types\/page"}],"author":[{"embeddable":true,"href":"http:\/\/suisse-fibromyalgie.ch\/fr\/wp-json\/wp\/v2\/users\/1"}],"replies":[{"embeddable":true,"href":"http:\/\/suisse-fibromyalgie.ch\/fr\/wp-json\/wp\/v2\/comments?post=5948"}],"version-history":[{"count":0,"href":"http:\/\/suisse-fibromyalgie.ch\/fr\/wp-json\/wp\/v2\/pages\/5948\/revisions"}],"wp:attachment":[{"href":"http:\/\/suisse-fibromyalgie.ch\/fr\/wp-json\/wp\/v2\/media?parent=5948"}],"curies":[{"name":"wp","href":"https:\/\/api.w.org\/{rel}","templated":true}]}}

Elhamrani Monsif &#8211; Médecine naturel &#8211; Morges

<div data-elementor-type="wp-page" data-elementor-id="5948" class="elementor elementor-5948" data-elementor-post-type="page">
						<section class="elementor-section elementor-top-section elementor-element elementor-element-5643a8c elementor-section-boxed elementor-section-height-default elementor-section-height-default" data-id="5643a8c" data-element_type="section" data-e-type="section">
						<div class="elementor-container elementor-column-gap-default">
					<div class="elementor-column elementor-col-50 elementor-top-column elementor-element elementor-element-c953588" data-id="c953588" data-element_type="column" data-e-type="column">
			<div class="elementor-widget-wrap elementor-element-populated">
						<div class="elementor-element elementor-element-68ab1cb elementor-widget elementor-widget-image" data-id="68ab1cb" data-element_type="widget" data-e-type="widget" data-widget_type="image.default">
				<div class="elementor-widget-container">
															<img fetchpriority="high" decoding="async" width="539" height="539" src="https://suisse-fibromyalgie.ch/wp-content/uploads/Elhamrani-Monsif.jpg" class="attachment-medium_large size-medium_large wp-image-5596" alt="" srcset="https://suisse-fibromyalgie.ch/wp-content/uploads/Elhamrani-Monsif.jpg 539w, https://suisse-fibromyalgie.ch/wp-content/uploads/Elhamrani-Monsif-300x300.jpg 300w, https://suisse-fibromyalgie.ch/wp-content/uploads/Elhamrani-Monsif-150x150.jpg 150w, https://suisse-fibromyalgie.ch/wp-content/uploads/Elhamrani-Monsif-12x12.jpg 12w" sizes="(max-width: 539px) 100vw, 539px" />															</div>
				</div>
					</div>
		</div>
				<div class="elementor-column elementor-col-50 elementor-top-column elementor-element elementor-element-d7d3abd" data-id="d7d3abd" data-element_type="column" data-e-type="column">
			<div class="elementor-widget-wrap elementor-element-populated">
						<div class="elementor-element elementor-element-cdd1fa2 elementor-widget elementor-widget-text-editor" data-id="cdd1fa2" data-element_type="widget" data-e-type="widget" data-widget_type="text-editor.default">
				<div class="elementor-widget-container">
									<p>« Mon voyage a commencé en tant qu’ingénieur en génie thermique et énergétique. Pendant une décennie riche et décisive, j’ai navigué à travers des projets exigeants ; de la conception à la mise en œuvre de systèmes de chauffage et de climatisation pour des bâtiments tels que le bloc opératoire du Centre Alexis Vautrin et les hôpitaux de Nancy.</p><p>Cependant, une autre part de moi s’est toujours sentie attirée par l’art et la puissance émotive de la musique. Parallèlement à ma carrière en génie, je me suis plongé dans la création musicale, écrivant et produisant mes propres œuvres. C’était un équilibre entre l’analytique et le créatif qui a apporté une harmonie à ma vie.</p><p>Puis, une nouvelle voie s’est ouverte à moi. J’ai été introduit au monde du développement personnel, un monde où la croissance et le changement sont non seulement possibles, mais encouragés. La méditation, le coaching, le neurofeedback – chaque discipline était une nouvelle note dans la symphonie de la réalisation de soi.</p><p>Mais c’est lorsque j’ai découvert la naturopathie que toutes les pièces du puzzle ont commencé à s’assembler. Et c’est devenu une passion : un mélange d’art, de science et de guérison qui a trouvé une résonance profonde en moi. Aujourd’hui, je tire parti de toutes ces expériences diverses dans ma pratique de la médecine naturelle, proposant une approche unique et holistique du bien-être à mes clients. »</p>								</div>
				</div>
					</div>
		</div>
					</div>
		</section>
				<section class="elementor-section elementor-top-section elementor-element elementor-element-085dee4 elementor-section-boxed elementor-section-height-default elementor-section-height-default" data-id="085dee4" data-element_type="section" data-e-type="section">
						<div class="elementor-container elementor-column-gap-default">
					<div class="elementor-column elementor-col-50 elementor-top-column elementor-element elementor-element-fd354a9" data-id="fd354a9" data-element_type="column" data-e-type="column">
			<div class="elementor-widget-wrap elementor-element-populated">
						<div class="elementor-element elementor-element-056f65c elementor-widget elementor-widget-text-editor" data-id="056f65c" data-element_type="widget" data-e-type="widget" data-widget_type="text-editor.default">
				<div class="elementor-widget-container">
									<p>Propose des conseils aux membres de l&rsquo;ASFM avec des tarifs préférentiel.</p>								</div>
				</div>
					</div>
		</div>
				<div class="elementor-column elementor-col-50 elementor-top-column elementor-element elementor-element-f2fd1cd" data-id="f2fd1cd" data-element_type="column" data-e-type="column">
			<div class="elementor-widget-wrap elementor-element-populated">
						<div class="elementor-element elementor-element-eb4a11b elementor-widget elementor-widget-text-editor" data-id="eb4a11b" data-element_type="widget" data-e-type="widget" data-widget_type="text-editor.default">
				<div class="elementor-widget-container">
									<p><a href="https://cmn-monsif.ch/" target="_blank" rel="noopener">En savoir plus, cliquez sur ce lien</a></p>								</div>
				</div>
					</div>
		</div>
					</div>
		</section>
				</div>

<p>« Mon voyage a commencé en tant qu’ingénieur en génie thermique et énergétique. Pendant une décennie riche et décisive, j’ai navigué à travers des projets exigeants ; de la conception à [&hellip;]</p>
