{"id":9255,"date":"2026-03-17T17:00:46","date_gmt":"2026-03-17T16:00:46","guid":{"rendered":"https:\/\/suisse-fibromyalgie.ch\/?post_type=tribe_events&#038;p=9255"},"modified":"2026-03-17T17:00:46","modified_gmt":"2026-03-17T16:00:46","slug":"atelier-se-connecter-a-son-coeur-3","status":"publish","type":"tribe_events","link":"http:\/\/suisse-fibromyalgie.ch\/de\/evenement\/atelier-se-connecter-a-son-coeur-3\/","title":{"rendered":"Workshop \u00abSich mit dem Herzen verbinden\u00bb.\u00bb"},"content":{"rendered":"<p><img fetchpriority=\"high\" decoding=\"async\" class=\"alignnone wp-image-9256 size-full\" src=\"https:\/\/suisse-fibromyalgie.ch\/wp-content\/uploads\/flyer-texte-et-collage-se-connecter-a-son-coeur-4.jpg\" alt=\"\" width=\"1754\" height=\"1240\" srcset=\"https:\/\/suisse-fibromyalgie.ch\/wp-content\/uploads\/flyer-texte-et-collage-se-connecter-a-son-coeur-4.jpg 1754w, https:\/\/suisse-fibromyalgie.ch\/wp-content\/uploads\/flyer-texte-et-collage-se-connecter-a-son-coeur-4-300x212.jpg 300w, https:\/\/suisse-fibromyalgie.ch\/wp-content\/uploads\/flyer-texte-et-collage-se-connecter-a-son-coeur-4-1024x724.jpg 1024w, https:\/\/suisse-fibromyalgie.ch\/wp-content\/uploads\/flyer-texte-et-collage-se-connecter-a-son-coeur-4-768x543.jpg 768w, https:\/\/suisse-fibromyalgie.ch\/wp-content\/uploads\/flyer-texte-et-collage-se-connecter-a-son-coeur-4-1536x1086.jpg 1536w, https:\/\/suisse-fibromyalgie.ch\/wp-content\/uploads\/flyer-texte-et-collage-se-connecter-a-son-coeur-4-18x12.jpg 18w\" sizes=\"(max-width: 1754px) 100vw, 1754px\" \/><\/p>\n<p>Um den Flyer im PDF-Format herunterzuladen, klicken Sie auf den untenstehenden Link :<\/p>\n<p><a href=\"https:\/\/suisse-fibromyalgie.ch\/wp-content\/uploads\/flyer-texte-et-collage-se-connecter-a-son-coeur-5.pdf\" target=\"_blank\" rel=\"noopener\">Flyer sich mit seinem Herzen verbinden<\/a><\/p>\n<p>Um das Anmeldeformular im PDF-Format herunterzuladen, klicken Sie auf den untenstehenden Link :<\/p>\n<p><a href=\"https:\/\/suisse-fibromyalgie.ch\/wp-content\/uploads\/Bulletin-dinscription-atelier-1.pdf\" target=\"_blank\" rel=\"noopener\">Anmeldeformular Workshop<\/a><\/p>","protected":false},"excerpt":{"rendered":"<p>Pour t\u00e9l\u00e9charger le flyer au format PDF, cliquez sur le lien ci-dessous : Flyer se connecter \u00e0 son c\u0153ur Pour t\u00e9l\u00e9charger le bulletin d&rsquo;inscription au format PDF, cliquez sur le [&hellip;]<\/p>\n","protected":false},"author":1,"featured_media":0,"comment_status":"open","ping_status":"closed","template":"","meta":{"_tribe_events_status":"","_tribe_events_status_reason":"","footnotes":""},"tags":[],"tribe_events_cat":[],"class_list":["post-9255","tribe_events","type-tribe_events","status-publish","hentry"],"publishpress_future_workflow_manual_trigger":{"enabledWorkflows":[]},"_links":{"self":[{"href":"http:\/\/suisse-fibromyalgie.ch\/de\/wp-json\/wp\/v2\/tribe_events\/9255","targetHints":{"allow":["GET"]}}],"collection":[{"href":"http:\/\/suisse-fibromyalgie.ch\/de\/wp-json\/wp\/v2\/tribe_events"}],"about":[{"href":"http:\/\/suisse-fibromyalgie.ch\/de\/wp-json\/wp\/v2\/types\/tribe_events"}],"author":[{"embeddable":true,"href":"http:\/\/suisse-fibromyalgie.ch\/de\/wp-json\/wp\/v2\/users\/1"}],"replies":[{"embeddable":true,"href":"http:\/\/suisse-fibromyalgie.ch\/de\/wp-json\/wp\/v2\/comments?post=9255"}],"version-history":[{"count":1,"href":"http:\/\/suisse-fibromyalgie.ch\/de\/wp-json\/wp\/v2\/tribe_events\/9255\/revisions"}],"predecessor-version":[{"id":9258,"href":"http:\/\/suisse-fibromyalgie.ch\/de\/wp-json\/wp\/v2\/tribe_events\/9255\/revisions\/9258"}],"wp:attachment":[{"href":"http:\/\/suisse-fibromyalgie.ch\/de\/wp-json\/wp\/v2\/media?parent=9255"}],"wp:term":[{"taxonomy":"post_tag","embeddable":true,"href":"http:\/\/suisse-fibromyalgie.ch\/de\/wp-json\/wp\/v2\/tags?post=9255"},{"taxonomy":"tribe_events_cat","embeddable":true,"href":"http:\/\/suisse-fibromyalgie.ch\/de\/wp-json\/wp\/v2\/tribe_events_cat?post=9255"}],"curies":[{"name":"wp","href":"https:\/\/api.w.org\/{rel}","templated":true}]}}

<p>Pour télécharger le flyer au format PDF, cliquez sur le lien ci-dessous : Flyer se connecter à son cœur Pour télécharger le bulletin d&rsquo;inscription au format PDF, cliquez sur le [&hellip;]</p>
