{"id":9026,"date":"2026-02-04T17:09:01","date_gmt":"2026-02-04T16:09:01","guid":{"rendered":"https:\/\/suisse-fibromyalgie.ch\/?post_type=tribe_events&#038;p=9026"},"modified":"2026-02-18T17:27:47","modified_gmt":"2026-02-18T16:27:47","slug":"atelier-cap-sur-la-confiance","status":"publish","type":"tribe_events","link":"http:\/\/suisse-fibromyalgie.ch\/de\/evenement\/atelier-cap-sur-la-confiance\/","title":{"rendered":"Workshop \u00abKurs auf Vertrauen\u00bb"},"content":{"rendered":"<p><img fetchpriority=\"high\" decoding=\"async\" class=\"alignnone wp-image-9205 size-full\" src=\"https:\/\/suisse-fibromyalgie.ch\/wp-content\/uploads\/flyer-texte-et-collage-cap-sur-la-confiance.jpg\" alt=\"\" width=\"1754\" height=\"1240\" \/><\/p>\n<p>Um den Flyer im PDF-Format herunterzuladen, klicken Sie auf den untenstehenden Link :<\/p>\n<p><a href=\"https:\/\/suisse-fibromyalgie.ch\/wp-content\/uploads\/flyer-texte-et-collage-cap-sur-la-confiance.pdf\" target=\"_blank\" rel=\"noopener\">Flyer Kurs auf Vertrauen<\/a><\/p>\n<p>Um das Anmeldeformular im PDF-Format herunterzuladen, klicken Sie auf den untenstehenden Link :<\/p>\n<p><a href=\"https:\/\/suisse-fibromyalgie.ch\/wp-content\/uploads\/Bulletin-dinscription-atelier-1.pdf\">Anmeldeformular Workshop<\/a><\/p>","protected":false},"excerpt":{"rendered":"<p>Pour t\u00e9l\u00e9charger le flyer au format PDF, cliquez sur le lien ci-dessous : Flyer cap sur la confiance Pour t\u00e9l\u00e9charger le bulletin d&rsquo;inscription au format PDF, cliquez sur le lien [&hellip;]<\/p>\n","protected":false},"author":1,"featured_media":0,"comment_status":"open","ping_status":"closed","template":"","meta":{"_tribe_events_status":"","_tribe_events_status_reason":"","footnotes":""},"tags":[],"tribe_events_cat":[],"class_list":["post-9026","tribe_events","type-tribe_events","status-publish","hentry"],"publishpress_future_workflow_manual_trigger":{"enabledWorkflows":[]},"_links":{"self":[{"href":"http:\/\/suisse-fibromyalgie.ch\/de\/wp-json\/wp\/v2\/tribe_events\/9026","targetHints":{"allow":["GET"]}}],"collection":[{"href":"http:\/\/suisse-fibromyalgie.ch\/de\/wp-json\/wp\/v2\/tribe_events"}],"about":[{"href":"http:\/\/suisse-fibromyalgie.ch\/de\/wp-json\/wp\/v2\/types\/tribe_events"}],"author":[{"embeddable":true,"href":"http:\/\/suisse-fibromyalgie.ch\/de\/wp-json\/wp\/v2\/users\/1"}],"replies":[{"embeddable":true,"href":"http:\/\/suisse-fibromyalgie.ch\/de\/wp-json\/wp\/v2\/comments?post=9026"}],"version-history":[{"count":5,"href":"http:\/\/suisse-fibromyalgie.ch\/de\/wp-json\/wp\/v2\/tribe_events\/9026\/revisions"}],"predecessor-version":[{"id":9220,"href":"http:\/\/suisse-fibromyalgie.ch\/de\/wp-json\/wp\/v2\/tribe_events\/9026\/revisions\/9220"}],"wp:attachment":[{"href":"http:\/\/suisse-fibromyalgie.ch\/de\/wp-json\/wp\/v2\/media?parent=9026"}],"wp:term":[{"taxonomy":"post_tag","embeddable":true,"href":"http:\/\/suisse-fibromyalgie.ch\/de\/wp-json\/wp\/v2\/tags?post=9026"},{"taxonomy":"tribe_events_cat","embeddable":true,"href":"http:\/\/suisse-fibromyalgie.ch\/de\/wp-json\/wp\/v2\/tribe_events_cat?post=9026"}],"curies":[{"name":"wp","href":"https:\/\/api.w.org\/{rel}","templated":true}]}}

<p>Pour télécharger le flyer au format PDF, cliquez sur le lien ci-dessous : Flyer cap sur la confiance Pour télécharger le bulletin d&rsquo;inscription au format PDF, cliquez sur le lien [&hellip;]</p>
