{"id":8886,"date":"2025-12-01T14:39:49","date_gmt":"2025-12-01T13:39:49","guid":{"rendered":"https:\/\/suisse-fibromyalgie.ch\/?post_type=tribe_events&#038;p=8886"},"modified":"2025-12-01T14:47:22","modified_gmt":"2025-12-01T13:47:22","slug":"rencontre-du-club-multimodal-7","status":"publish","type":"tribe_events","link":"http:\/\/suisse-fibromyalgie.ch\/de\/evenement\/rencontre-du-club-multimodal-7\/","title":{"rendered":"Treffen des \u00abMultimodal-Clubs\u00bb"},"content":{"rendered":"<p><em><strong>Das Thema steht noch nicht fest!<\/strong><\/em><\/p>\n<p><strong>Ort des Treffens:<\/strong> Andros-Saal \u2013 BL08.1205<\/p>\n<p>Diese Treffen sind f\u00fcr Personen reserviert, die an der multimodalen Behandlung des CHUV teilgenommen haben, mit vorheriger Anmeldung bei Philippe Sch\u00fcpbach unter <a href=\"mailto:philippe.schupbach@suiss-fibromyalgie.ch\">philippe.schupbach@suiss-fibromyalgie.ch<\/a> oder unter 076 322 33 16<\/p>","protected":false},"excerpt":{"rendered":"<p>Le sujet n\u2019est pas encore choisi\u00a0! Lieu de la rencontre : Salle Andros &#8211; BL08.1205 Ces rencontres sont r\u00e9serv\u00e9es aux personnes ayant particip\u00e9 au traitement multimodal du CHUV, sous inscription [&hellip;]<\/p>\n","protected":false},"author":1,"featured_media":0,"comment_status":"open","ping_status":"closed","template":"","meta":{"_tribe_events_status":"","_tribe_events_status_reason":"","footnotes":""},"tags":[],"tribe_events_cat":[],"class_list":["post-8886","tribe_events","type-tribe_events","status-publish","hentry"],"publishpress_future_workflow_manual_trigger":{"enabledWorkflows":[]},"_links":{"self":[{"href":"http:\/\/suisse-fibromyalgie.ch\/de\/wp-json\/wp\/v2\/tribe_events\/8886","targetHints":{"allow":["GET"]}}],"collection":[{"href":"http:\/\/suisse-fibromyalgie.ch\/de\/wp-json\/wp\/v2\/tribe_events"}],"about":[{"href":"http:\/\/suisse-fibromyalgie.ch\/de\/wp-json\/wp\/v2\/types\/tribe_events"}],"author":[{"embeddable":true,"href":"http:\/\/suisse-fibromyalgie.ch\/de\/wp-json\/wp\/v2\/users\/1"}],"replies":[{"embeddable":true,"href":"http:\/\/suisse-fibromyalgie.ch\/de\/wp-json\/wp\/v2\/comments?post=8886"}],"version-history":[{"count":3,"href":"http:\/\/suisse-fibromyalgie.ch\/de\/wp-json\/wp\/v2\/tribe_events\/8886\/revisions"}],"predecessor-version":[{"id":8897,"href":"http:\/\/suisse-fibromyalgie.ch\/de\/wp-json\/wp\/v2\/tribe_events\/8886\/revisions\/8897"}],"wp:attachment":[{"href":"http:\/\/suisse-fibromyalgie.ch\/de\/wp-json\/wp\/v2\/media?parent=8886"}],"wp:term":[{"taxonomy":"post_tag","embeddable":true,"href":"http:\/\/suisse-fibromyalgie.ch\/de\/wp-json\/wp\/v2\/tags?post=8886"},{"taxonomy":"tribe_events_cat","embeddable":true,"href":"http:\/\/suisse-fibromyalgie.ch\/de\/wp-json\/wp\/v2\/tribe_events_cat?post=8886"}],"curies":[{"name":"wp","href":"https:\/\/api.w.org\/{rel}","templated":true}]}}

<p><em><strong>Das Thema steht noch nicht fest!</strong></em></p>
<p><strong>Ort des Treffens:</strong> Andros-Saal – BL08.1205</p>
<p>Diese Treffen sind für Personen reserviert, die an der multimodalen Behandlung des CHUV teilgenommen haben, mit vorheriger Anmeldung bei Philippe Schüpbach unter <a href="mailto:philippe.schupbach@suiss-fibromyalgie.ch">philippe.schupbach@suiss-fibromyalgie.ch</a> oder unter 076 322 33 16</p>

<p>Le sujet n’est pas encore choisi ! Lieu de la rencontre : Salle Andros &#8211; BL08.1205 Ces rencontres sont réservées aux personnes ayant participé au traitement multimodal du CHUV, sous inscription [&hellip;]</p>
